{"id":1066,"date":"2014-07-23T13:27:04","date_gmt":"2014-07-23T11:27:04","guid":{"rendered":"http:\/\/sarr.com.pl\/?page_id=1066"},"modified":"2014-07-23T13:27:04","modified_gmt":"2014-07-23T11:27:04","slug":"opiekun-osob-starszych-i-niepelnosprawnych","status":"publish","type":"page","link":"https:\/\/sarr.com.pl\/?page_id=1066","title":{"rendered":"Opiekun os\u00f3b starszych i niepe\u0142nosprawnych"},"content":{"rendered":"<p>Szkolenie \u201eOpiekun os\u00f3b starszych i niepe\u0142nosprawnych\u201d obejmuje 220 godzin zaj\u0119\u0107, w tym: &#8211; 60 godz. zaj\u0119\u0107 teoretycznych z zagadnie\u0144 dotycz\u0105cych opieki nad osobami starszymi<br \/>\ni niepe\u0142nosprawnymi,<br \/>\n&#8211; 160 godz. zaj\u0119\u0107 praktycznych, kt\u00f3re nasza firma zapewnia w Domu Pomocy Spo\u0142ecznej<br \/>\nna terenie Nowego S\u0105cza.<br \/>\nKa\u017cdy uczestnik szkolenia ma zapewnione warunki pracy zgodnie z przepisami bezpiecze\u0144stwa i higieny pracy oraz odpowiednie zaplecze sanitarne.<\/p>\n<p>Adresaci szkolenia<\/p>\n<p>Szkolenie \u201eOpiekun os\u00f3b starszych i niepe\u0142nosprawnych\u201d skierowane jest do os\u00f3b, kt\u00f3re chc\u0105 podj\u0105\u0107 prac\u0119 w tym zawodzie. Osoba zg\u0142aszaj\u0105ca si\u0119 na szkolenie powinna mie\u0107 uko\u0144czone 18 lat oraz posiada\u0107 aktualne badania epidemiologiczno- sanitarne. Ponadto ka\u017cdy uczestnik powinien wykazywa\u0107 predyspozycje do pracy z osobami starszymi oraz niepe\u0142nosprawnymi.<\/p>\n<p>Cel szkolenia<\/p>\n<p>Celem szkolenia jest nabycie przez uczestnik\u00f3w wiedzy i umiej\u0119tno\u015bci niezb\u0119dnych do podj\u0119cia pracy w zawodzie opiekun os\u00f3b starszych i niepe\u0142nosprawnych.<\/p>\n<p>Program szkolenia<\/p>\n<p>Modu\u0142 I<br \/>\nZagadnienia dotycz\u0105ce opieki nad osobami starszymi i niepe\u0142nosprawnymi (60h)<\/p>\n<p>W trakcie zaj\u0119\u0107 uczestnik szkolenia zapozna si\u0119 m.in. z:<\/p>\n<p>&#8211; podstawowymi zagadnieniami z zakresu medycyny, psychologii oraz anatomii z fizjologi\u0105 w aspekcie os\u00f3b starszych i niepe\u0142nosprawnych,<br \/>\n&#8211; problemami zdrowotnymi, psychologicznymi i spo\u0142ecznymi ludzi starszych niepe\u0142nosprawnych,<br \/>\n&#8211; podstawami profilaktyki i rehabilitacji os\u00f3b chorych i niepe\u0142nosprawnych,<br \/>\n&#8211; elementami opieki paliatywnej,<br \/>\n&#8211; zasadami podawania lek\u00f3w,<\/p>\n<p>Po zako\u0144czonym szkoleniu uczestnik b\u0119dzie potrafi\u0142:<\/p>\n<p>&#8211; udzieli\u0107 pierwszej pomocy przed medycznej,<br \/>\n&#8211; pomaga\u0107 i towarzyszy\u0107 osobom starszym i niepe\u0142nosprawnym w codziennych czynno\u015bciach z zakresu samoobs\u0142ugi i higieny osobistej,<br \/>\n&#8211; utrzymywa\u0107 higien\u0119 i estetyk\u0119 miejsca zamieszkania i otoczenia osoby starszej<br \/>\ni niepe\u0142nosprawnej,<br \/>\n&#8211; \u017cywi\u0107 i karmi\u0107 osoby starsze i niepe\u0142nosprawne,<br \/>\n&#8211; usprawnia\u0107 ruchowo oraz rehabilitowa\u0107 chorego lub niepe\u0142nosprawnego,<br \/>\n&#8211; aktywizowa\u0107 podopiecznych do zwi\u0119kszenia samodzielno\u015bci \u017cyciowej.<\/p>\n<p>Modu\u0142 II<\/p>\n<p>Modu\u0142 II kursu \u201eOpiekun os\u00f3b starszych i niepe\u0142nosprawnych\u201d obejmuje 160 godzin zaj\u0119\u0107 praktycznych w Domu Pomocy Spo\u0142ecznej.<\/p>\n<p>Po zdaniu egzaminu wewn\u0119trznego z cz\u0119\u015bci teoretycznej oraz po otrzymaniu pozytywnej opinii z praktyki uczestnik szkolenia otrzyma certyfikat oraz za\u015bwiadczenie zgodnie z Rozporz\u0105dzeniem MEN z dnia 11.01.2012 r. w sprawie kszta\u0142cenia ustawicznego w formach pozaszkolnych (Dz. U. 2012, poz. 186) oraz za\u015bwiadczenie potwierdzaj\u0105ce uko\u0144czenie szkolenia i uzyskanie kwalifikacji wydanych na podstawie Rozporz\u0105dzenia Ministra Pracy i Polityki Spo\u0142ecznej z dnia 14 wrze\u015bnia 2010 roku w sprawie standard\u00f3w i warunk\u00f3w prowadzenia us\u0142ug rynku pracy (Dz. U. 2010, Nr 177, poz. 1193 z p\u00f3\u017an. zm.).<\/p>\n","protected":false},"excerpt":{"rendered":"<p>Szkolenie \u201eOpiekun os\u00f3b starszych i niepe\u0142nosprawnych\u201d obejmuje 220 godzin zaj\u0119\u0107, w tym: &#8211; 60 godz. zaj\u0119\u0107 teoretycznych z zagadnie\u0144 dotycz\u0105cych opieki nad osobami starszymi i niepe\u0142nosprawnymi, &#8211; 160 godz. zaj\u0119\u0107 praktycznych, kt\u00f3re nasza firma zapewnia w Domu Pomocy Spo\u0142ecznej na terenie Nowego S\u0105cza. Ka\u017cdy uczestnik szkolenia ma zapewnione warunki pracy zgodnie z przepisami bezpiecze\u0144stwa i [&hellip;]<\/p>\n","protected":false},"author":1,"featured_media":0,"parent":1062,"menu_order":0,"comment_status":"closed","ping_status":"open","template":"","meta":[],"_links":{"self":[{"href":"https:\/\/sarr.com.pl\/index.php?rest_route=\/wp\/v2\/pages\/1066"}],"collection":[{"href":"https:\/\/sarr.com.pl\/index.php?rest_route=\/wp\/v2\/pages"}],"about":[{"href":"https:\/\/sarr.com.pl\/index.php?rest_route=\/wp\/v2\/types\/page"}],"author":[{"embeddable":true,"href":"https:\/\/sarr.com.pl\/index.php?rest_route=\/wp\/v2\/users\/1"}],"replies":[{"embeddable":true,"href":"https:\/\/sarr.com.pl\/index.php?rest_route=%2Fwp%2Fv2%2Fcomments&post=1066"}],"version-history":[{"count":1,"href":"https:\/\/sarr.com.pl\/index.php?rest_route=\/wp\/v2\/pages\/1066\/revisions"}],"predecessor-version":[{"id":1067,"href":"https:\/\/sarr.com.pl\/index.php?rest_route=\/wp\/v2\/pages\/1066\/revisions\/1067"}],"up":[{"embeddable":true,"href":"https:\/\/sarr.com.pl\/index.php?rest_route=\/wp\/v2\/pages\/1062"}],"wp:attachment":[{"href":"https:\/\/sarr.com.pl\/index.php?rest_route=%2Fwp%2Fv2%2Fmedia&parent=1066"}],"curies":[{"name":"wp","href":"https:\/\/api.w.org\/{rel}","templated":true}]}}