{"id":1068,"date":"2014-07-23T13:28:02","date_gmt":"2014-07-23T11:28:02","guid":{"rendered":"http:\/\/sarr.com.pl\/?page_id=1068"},"modified":"2014-07-23T13:28:02","modified_gmt":"2014-07-23T11:28:02","slug":"przedsiebiorczosc-wlasna-firma","status":"publish","type":"page","link":"https:\/\/sarr.com.pl\/?page_id=1068","title":{"rendered":"Przedsi\u0119biorczo\u015b\u0107 \u2013 w\u0142asna firma"},"content":{"rendered":"<p>Szkolenie \u201ePrzedsi\u0119biorczo\u015b\u0107 \u2013 w\u0142asna firma\u201d obejmuje 100 godzin zaj\u0119\u0107, kt\u00f3re obejmuj\u0105 cztery modu\u0142y tematyczne w sk\u0142ad kt\u00f3rych wchodz\u0105: zaj\u0119cia teoretyczno \u2013 praktyczne oraz indywidualne konsultacje z trenerem w zakresie tematyki szkolenia.<br \/>\nKa\u017cdy uczestnik szkolenia ma zapewnione warunki pracy zgodnie z przepisami bezpiecze\u0144stwa<br \/>\n i higieny pracy, odpowiednie zaplecze sanitarne i socjalne oraz dost\u0119p do komputera. <\/p>\n<p>Adresaci  szkolenia<\/p>\n<p>Szkolenie \u201ePrzedsi\u0119biorczo\u015b\u0107- w\u0142asna firma\u201d  skierowane jest do os\u00f3b,  kt\u00f3re chc\u0105 za\u0142o\u017cy\u0107 w\u0142asn\u0105 dzia\u0142alno\u015b\u0107 gospodarcz\u0105. Osoba zg\u0142aszaj\u0105ca si\u0119 na szkolenie powinna mie\u0107 uko\u0144czone 18 lat oraz powinna wykazywa\u0107 predyspozycje do samodzielnego prowadzenia dzia\u0142alno\u015bci, odznacza\u0107 si\u0119   pracowito\u015bci\u0105, zaradno\u015bci\u0105, pomys\u0142owo\u015bci\u0105 oraz determinacj\u0105 i wytrwa\u0142o\u015bci\u0105 w d\u0105\u017ceniu do celu. <\/p>\n<p>Cel szkolenia<\/p>\n<p>Szkolenie pozwoli naby\u0107 wiedz\u0119 oraz praktyczne umiej\u0119tno\u015bci niezb\u0119dne do samodzielnego rozpocz\u0119cia<br \/>\n i prowadzenia dzia\u0142alno\u015bci gospodarczej. <\/p>\n<p>Program szkolenia<\/p>\n<p>Modu\u0142 I <\/p>\n<p>Og\u00f3lne zasady prowadzenia dzia\u0142alno\u015bci gospodarczej (26h)<br \/>\nUczestnik szkolenia po zako\u0144czeniu modu\u0142u I b\u0119dzie zna\u0142:<br \/>\n&#8211;  podstawy prawne funkcjonowania firmy (ustaw\u0119 o swobodzie dzia\u0142alno\u015bci gospodarczej oraz inne potrzebne ustawy),<br \/>\n&#8211;  formy prowadzenia dzia\u0142alno\u015bci gospodarczej,<br \/>\n&#8211;  procedury rejestrowania firmy,<br \/>\n&#8211;  elementy prawa pracy i Kodeksu Cywilnego \u2013 rodzaje um\u00f3w,<br \/>\n&#8211;  elementy komunikacji interpersonalnej i zasady budowania wizerunku firmy,<br \/>\n&#8211;  podstawy promocji, marketingu i negocjacji biznesowych<\/p>\n<p>Modu\u0142 II<br \/>\nW\u0142asna firma \u2013 planowanie i strategia (39 h)<br \/>\nW czasie trwania modu\u0142u II  uczestnik szkolenia zapozna si\u0119 m.in z:<br \/>\n&#8211; podstawowymi elementami analizy strategicznej,<br \/>\n&#8211; zasadami analizy SWOT\/SMART,<br \/>\n&#8211; instytucjami wspieraj\u0105cymi ma\u0142e i \u015brednie firmy,<br \/>\n&#8211; r\u00f3\u017cnymi \u017ar\u00f3d\u0142ami finansowania oraz sposobami wyszukiwania informacji,<br \/>\n&#8211; zasadami i warunkami przyznawania jednorazowych \u015brodk\u00f3w na podjecie dzia\u0142alno\u015bci gospodarczej w oparciu o ustaw\u0119 o promocji zatrudnienia i instytucjach rynku pracy i przepisy wykonawcze oraz aktualny \u201eRegulamin przyznawania jednorazowo \u015brodk\u00f3w na podj\u0119cie dzia\u0142alno\u015bci gospodarczej w S\u0105deckim Urz\u0119dzie Pracy\u201d.<br \/>\n&#8211; rodzajami koszt\u00f3w prowadzenia dzia\u0142alno\u015bci (w tym ubezpieczenia),<br \/>\n&#8211; formami i rodzajami opodatkowania,<br \/>\n&#8211; wymagan\u0105 dokumentacj\u0105 prowadzenia firmy.<br \/>\nPonadto, ka\u017cdy uczestnik szkolenia nauczy si\u0119 ocenia\u0107 ryzyko wynikaj\u0105ce z tytu\u0142u prowadzenia dzia\u0142alno\u015bci na w\u0142asny rachunek oraz zapozna si\u0119 z odpowiedzialno\u015bci\u0105 cywiln\u0105 jako podstawowym ryzykiem prowadzenia dzia\u0142alno\u015bci.<\/p>\n<p>Modu\u0142 III<br \/>\nZaj\u0119cia praktyczne (25h)<br \/>\nW trakcie zaj\u0119\u0107 praktycznych uczestnik szkolenia nauczy si\u0119 tworzy\u0107 w\u0142asny biznes plan dotycz\u0105cy wybranej dzia\u0142alno\u015bci gospodarczej, w tym m.in.:<br \/>\n&#8211; tworzy\u0107 charakterystyk\u0119 przedsi\u0119wzi\u0119cia,<br \/>\n&#8211; opisywa\u0107 dzia\u0142ania podj\u0119te (lub planowane) na rzecz rozpocz\u0119cia dzia\u0142alno\u015bci gospodarczej,<br \/>\n-opracowywa\u0107: kalkulacj\u0119 koszt\u00f3w zwi\u0105zanych z podj\u0119ciem dzia\u0142alno\u015bci gospodarczej,<br \/>\n-przewidywa\u0107 efekty ekonomiczne wynikaj\u0105ce z prowadzenia dzia\u0142alno\u015bci gospodarczej.<\/p>\n<p> Modu\u0142 IV<br \/>\nIndywidualne konsultacje prawno \u2013 biznesowe (5h)<br \/>\nW ramach indywidualnych konsultacji z ka\u017cdym uczestnikiem zostanie opracowana i om\u00f3wiona:<br \/>\n&#8211; analiza zawarto\u015bci,<br \/>\n&#8211; biznesplan na bazie wniosku o przyznanie jednorazowych \u015brodk\u00f3w,<br \/>\n&#8211; kalkulacja koszt\u00f3w zwi\u0105zanych z podj\u0119ciem dzia\u0142alno\u015bci gospodarczej,<br \/>\n&#8211; szczeg\u00f3\u0142owa specyfikacja i harmonogram zakup\u00f3w,<br \/>\n&#8211; przewidywane efekty ekonomiczne wynikaj\u0105ce z prowadzenia dzia\u0142alno\u015bci gospodarczej.<\/p>\n","protected":false},"excerpt":{"rendered":"<p>Szkolenie \u201ePrzedsi\u0119biorczo\u015b\u0107 \u2013 w\u0142asna firma\u201d obejmuje 100 godzin zaj\u0119\u0107, kt\u00f3re obejmuj\u0105 cztery modu\u0142y tematyczne w sk\u0142ad kt\u00f3rych wchodz\u0105: zaj\u0119cia teoretyczno \u2013 praktyczne oraz indywidualne konsultacje z trenerem w zakresie tematyki szkolenia. Ka\u017cdy uczestnik szkolenia ma zapewnione warunki pracy zgodnie z przepisami bezpiecze\u0144stwa i higieny pracy, odpowiednie zaplecze sanitarne i socjalne oraz dost\u0119p do komputera. Adresaci [&hellip;]<\/p>\n","protected":false},"author":1,"featured_media":0,"parent":1062,"menu_order":0,"comment_status":"closed","ping_status":"open","template":"","meta":[],"_links":{"self":[{"href":"https:\/\/sarr.com.pl\/index.php?rest_route=\/wp\/v2\/pages\/1068"}],"collection":[{"href":"https:\/\/sarr.com.pl\/index.php?rest_route=\/wp\/v2\/pages"}],"about":[{"href":"https:\/\/sarr.com.pl\/index.php?rest_route=\/wp\/v2\/types\/page"}],"author":[{"embeddable":true,"href":"https:\/\/sarr.com.pl\/index.php?rest_route=\/wp\/v2\/users\/1"}],"replies":[{"embeddable":true,"href":"https:\/\/sarr.com.pl\/index.php?rest_route=%2Fwp%2Fv2%2Fcomments&post=1068"}],"version-history":[{"count":1,"href":"https:\/\/sarr.com.pl\/index.php?rest_route=\/wp\/v2\/pages\/1068\/revisions"}],"predecessor-version":[{"id":1069,"href":"https:\/\/sarr.com.pl\/index.php?rest_route=\/wp\/v2\/pages\/1068\/revisions\/1069"}],"up":[{"embeddable":true,"href":"https:\/\/sarr.com.pl\/index.php?rest_route=\/wp\/v2\/pages\/1062"}],"wp:attachment":[{"href":"https:\/\/sarr.com.pl\/index.php?rest_route=%2Fwp%2Fv2%2Fmedia&parent=1068"}],"curies":[{"name":"wp","href":"https:\/\/api.w.org\/{rel}","templated":true}]}}