{"id":1084,"date":"2014-07-23T13:49:22","date_gmt":"2014-07-23T11:49:22","guid":{"rendered":"http:\/\/sarr.com.pl\/?page_id=1084"},"modified":"2020-08-20T09:44:18","modified_gmt":"2020-08-20T07:44:18","slug":"cennik-szkolen-otwartych","status":"publish","type":"page","link":"https:\/\/sarr.com.pl\/?page_id=1084","title":{"rendered":"Cennik szkole\u0144 otwartych"},"content":{"rendered":"<table width=\"591\">\n<tbody>\n<tr>\n<td style=\"text-align: center;\" width=\"40\">L.p<\/td>\n<td style=\"text-align: center;\" width=\"213\">Nazwa kursu<\/td>\n<td style=\"text-align: center;\" width=\"98\">Ilo\u015b\u0107 godzin<\/td>\n<td style=\"text-align: center;\" width=\"118\">D\u0142ugo\u015b\u0107 trwania<\/td>\n<td width=\"122\">\n<p style=\"text-align: center;\">\n<p style=\"text-align: center;\">Cena brutto<\/p>\n<\/td>\n<\/tr>\n<tr>\n<td style=\"text-align: center;\">1<\/td>\n<td width=\"213\">Florystyka z elementami dekoracji i aran\u017cacji wn\u0119trz<\/td>\n<td style=\"text-align: center;\">80 godz.<\/td>\n<td style=\"text-align: center;\">11 dni<\/td>\n<td>\u00a0 \u00a0 \u00a0 \u00a0 \u00a0 \u00a0 \u00a05600,00 z\u0142<\/td>\n<\/tr>\n<tr>\n<td style=\"text-align: center;\">2<\/td>\n<td>Ksi\u0119gowy<\/td>\n<td style=\"text-align: center;\">260 godz.<\/td>\n<td style=\"text-align: center;\">35 dni<\/td>\n<td>\u00a0 \u00a0 \u00a0 \u00a0 \u00a0 \u00a020000,00 z\u0142<\/td>\n<\/tr>\n<tr>\n<td style=\"text-align: center;\">3<\/td>\n<td width=\"213\">Opiekun os\u00f3b starszych i niepe\u0142nosprawnych<\/td>\n<td style=\"text-align: center;\">180 godz.<\/td>\n<td style=\"text-align: center;\">28 dni<\/td>\n<td>\u00a0 \u00a0 \u00a0 \u00a0 \u00a0 \u00a0 \u00a06000,00 z\u0142<\/td>\n<\/tr>\n<tr>\n<td style=\"text-align: center;\">4<\/td>\n<td>Profesjonalny sprzedawca<\/td>\n<td style=\"text-align: center;\">150 godz.<\/td>\n<td style=\"text-align: center;\">20 dni<\/td>\n<td>\u00a0 \u00a0 \u00a0 \u00a0 \u00a0 \u00a0 \u00a07500,00 z\u0142<\/td>\n<\/tr>\n<tr>\n<td style=\"text-align: center;\">5<\/td>\n<td width=\"213\">Przedsi\u0119biorczo\u015b\u0107 \u2013 w\u0142asna firma<\/td>\n<td style=\"text-align: center;\">30 godz.<\/td>\n<td style=\"text-align: center;\">5 dni<\/td>\n<td>\u00a0 \u00a0 \u00a0 \u00a0 \u00a0 \u00a0 \u00a04000,00 z\u0142<\/td>\n<\/tr>\n<\/tbody>\n<\/table>\n<p>Ceny poszczeg\u00f3lnych szkole\u0144 obowi\u0105zuj\u0105 w momencie zebrania si\u0119 grupy dla 5-os\u00f3b.<\/p>\n","protected":false},"excerpt":{"rendered":"<p>L.p Nazwa kursu Ilo\u015b\u0107 godzin D\u0142ugo\u015b\u0107 trwania Cena brutto 1 Florystyka z elementami dekoracji i aran\u017cacji wn\u0119trz 80 godz. 11 dni \u00a0 \u00a0 \u00a0 \u00a0 \u00a0 \u00a0 \u00a05600,00 z\u0142 2 Ksi\u0119gowy 260 godz. 35 dni \u00a0 \u00a0 \u00a0 \u00a0 \u00a0 \u00a020000,00 z\u0142 3 Opiekun os\u00f3b starszych i niepe\u0142nosprawnych 180 godz. 28 dni \u00a0 \u00a0 \u00a0 [&hellip;]<\/p>\n","protected":false},"author":1,"featured_media":0,"parent":11,"menu_order":0,"comment_status":"closed","ping_status":"open","template":"","meta":[],"_links":{"self":[{"href":"https:\/\/sarr.com.pl\/index.php?rest_route=\/wp\/v2\/pages\/1084"}],"collection":[{"href":"https:\/\/sarr.com.pl\/index.php?rest_route=\/wp\/v2\/pages"}],"about":[{"href":"https:\/\/sarr.com.pl\/index.php?rest_route=\/wp\/v2\/types\/page"}],"author":[{"embeddable":true,"href":"https:\/\/sarr.com.pl\/index.php?rest_route=\/wp\/v2\/users\/1"}],"replies":[{"embeddable":true,"href":"https:\/\/sarr.com.pl\/index.php?rest_route=%2Fwp%2Fv2%2Fcomments&post=1084"}],"version-history":[{"count":4,"href":"https:\/\/sarr.com.pl\/index.php?rest_route=\/wp\/v2\/pages\/1084\/revisions"}],"predecessor-version":[{"id":1866,"href":"https:\/\/sarr.com.pl\/index.php?rest_route=\/wp\/v2\/pages\/1084\/revisions\/1866"}],"up":[{"embeddable":true,"href":"https:\/\/sarr.com.pl\/index.php?rest_route=\/wp\/v2\/pages\/11"}],"wp:attachment":[{"href":"https:\/\/sarr.com.pl\/index.php?rest_route=%2Fwp%2Fv2%2Fmedia&parent=1084"}],"curies":[{"name":"wp","href":"https:\/\/api.w.org\/{rel}","templated":true}]}}