{"id":1252,"date":"2016-10-21T07:13:18","date_gmt":"2016-10-21T05:13:18","guid":{"rendered":"http:\/\/sarr.com.pl\/?page_id=1252"},"modified":"2016-10-21T07:13:18","modified_gmt":"2016-10-21T05:13:18","slug":"rpo-malopolska","status":"publish","type":"page","link":"https:\/\/sarr.com.pl\/?page_id=1252","title":{"rendered":"RPO &#8211; Ma\u0142opolska"},"content":{"rendered":"<p><strong>Regionalny Program Operacyjny Wojew\u00f3dztwa Ma\u0142opolskiego<\/strong><\/p>\n<p>Na realizacj\u0119 programu zostanie przeznaczone 2,87 mld euro z funduszy europejskich. Jest to kwota niemal o 1 mld euro wi\u0119ksza ni\u017c ta, kt\u00f3r\u0105 Ma\u0142opolska dysponowa\u0142a w latach 2007-2013 \u0142\u0105cznie na Ma\u0142opolski Regionalny Program Operacyjny oraz komponent regionalny Programu Operacyjnego Kapita\u0142 Ludzki.<\/p>\n<p>Program sk\u0142ada si\u0119 z 13 jednofunduszowych osi priorytetowych \u2013 spo\u015br\u00f3d kt\u00f3rych najwi\u0119ksze \u015brodki zaplanowano na polityk\u0119 energetyczn\u0105 i infrastruktur\u0119 transportow\u0105. W ramach RPO przewiduje si\u0119 zastosowanie trzech typ\u00f3w instrument\u00f3w rozwoju terytorialnego: zintegrowanej inwestycji terytorialnej, subregionalnego programu rozwoju, program\u00f3w rewitalizacji miast i obszar\u00f3w wiejskich.<\/p>\n<p><strong>\u00a0<\/strong><\/p>\n<p>Z pieni\u0119dzy pochodz\u0105cych z Regionalnego Programu dla wojew\u00f3dztwa\u00a0ma\u0142opolskiego s\u0105 realizowane projekty o kluczowym znaczeniu dla rozwoju regionu. Dofinansowanie mog\u0105 otrzyma\u0107 r\u00f3\u017cnorodne rodzaje projekt\u00f3w.<\/p>\n<p><strong>Na co fundusze?<\/strong><\/p>\n<p>Cz\u0119\u015b\u0107 \u015brodk\u00f3w finansowych Regionalnego Programu dla wojew\u00f3dztwa ma\u0142opolskiego, skierowana b\u0119dzie na przedsi\u0119wzi\u0119cia typowo inwestycyjne \u2013 pocz\u0105wszy od tych wspieraj\u0105cych przedsi\u0119biorc\u00f3w, poprzez infrastruktur\u0119 telekomunikacyjn\u0105, drogow\u0105 i sanitarn\u0105, a\u017c po przedsi\u0119wzi\u0119cia maj\u0105ce na celu ochron\u0119 \u015brodowiska czy infrastruktur\u0119 ochrony zdrowia.<\/p>\n<p>Obok dzia\u0142a\u0144 inwestycyjnych w programie, specjalna pula \u015brodk\u00f3w przeznaczona jest na wspieranie os\u00f3b maj\u0105cych trudno\u015bci na rynku pracy, a tak\u017ce chc\u0105cych za\u0142o\u017cy\u0107 w\u0142asn\u0105 firm\u0119 lub podnie\u015b\u0107 swoje kwalifikacje. Dofinansowany zostanie rozw\u00f3j i w\u0142a\u015bciwe ukierunkowanie edukacji, w spos\u00f3b zwi\u0119kszaj\u0105cy szanse absolwent\u00f3w na znalezienie pracy. Promowane b\u0119dzie te\u017c nawi\u0105zywanie i zacie\u015bnianie wi\u0119zi i wsp\u00f3\u0142pracy pomi\u0119dzy przedsi\u0119biorcami i naukowcami.<\/p>\n<p><strong>Co mo\u017cna zrealizowa\u0107?<\/strong><\/p>\n<p>Dziedziny oraz rodzaje przedsi\u0119wzi\u0119\u0107 wspieranych w latach 2014-2020 z Regionalnego Programu dla wojew\u00f3dztwa\u00a0ma\u0142opolskiego zosta\u0142y dok\u0142adnie okre\u015blone w samym <a href=\"http:\/\/www.rpo.malopolska.pl\/o-programie\/zapoznaj-sie-z-prawem-i-dokumentami\/regionalny-program-operacyjny-2014-2020\">programie<\/a> oraz szczeg\u00f3\u0142owym opisie jego priorytet\u00f3w (ostateczna wersja dokumenty w przygotowaniu). Do g\u0142\u00f3wnych obszar\u00f3w i typ\u00f3w projekt\u00f3w, na kt\u00f3re w najbli\u017cszych latach przeznaczymy dofinansowanie, nale\u017c\u0105:<\/p>\n<ol>\n<li>Gospodarka wiedzy<\/li>\n<li>Cyfrowa Ma\u0142opolska<\/li>\n<li>Przedsi\u0119biorcza Ma\u0142opolska<\/li>\n<li>Regionalna polityka energetyczna<\/li>\n<li>Ochrona \u015brodowiska<\/li>\n<li>Dziedzictwo regionalne<\/li>\n<li>Infrastruktura transportowa<\/li>\n<li>Rynek pracy<\/li>\n<li>Region sp\u00f3jny spo\u0142ecznie<\/li>\n<li>Wiedza i kompetencje<\/li>\n<li>Rewitalizacja przestrzeni regionalnej<\/li>\n<li>Infrastruktura spo\u0142eczna<\/li>\n<li>Pomoc techniczna<\/li>\n<\/ol>\n<p>&nbsp;<\/p>\n<p>Ze wsparcia Funduszy Europejskich w ramach Regionalnego Programu dla wojew\u00f3dztwa ma\u0142opolskiego mo\u017cesz korzysta\u0107 na dwa sposoby: bezpo\u015brednio \u2013 jako podmiot ubiegaj\u0105cy si\u0119 o dofinansowanie lub realizuj\u0105cy projekt oraz po\u015brednio \u2013 jako osoba, kt\u00f3ra bierze udzia\u0142 w przedsi\u0119wzi\u0119ciach organizowanych przez kogo\u015b innego (np. w szkoleniach).<\/p>\n<p><strong>Kto bezpo\u015brednio mo\u017ce ubiega\u0107 si\u0119 o dofinansowanie?<\/strong><\/p>\n<p>Z Regionalnego Programu dla wojew\u00f3dztwa ma\u0142opolskiego finansowane s\u0105 r\u00f3\u017cnorodne projekty. W zale\u017cno\u015bci od specyfiki danego rodzaju wsparcia, okre\u015blono, kto dok\u0142adnie mo\u017ce z niego skorzysta\u0107.<\/p>\n<p>Ograniczenia mog\u0105 dotyczy\u0107 formy organizacyjno-prawnej lub kompetencjii do\u015bwiadczenia podmiotu, kt\u00f3ry ubiega si\u0119 o dotacj\u0119. Szczeg\u00f3\u0142owe informacje na ten temat s\u0105 dost\u0119pne w dokumentacji konkurs\u00f3w o dofinansowanie. Aktualne og\u0142oszenia o naborach wniosk\u00f3w znajdziesz na <a href=\"http:\/\/www.rpo.malopolska.pl\/skorzystaj\/nabory\">li\u015bcie nabor\u00f3w<\/a>.<\/p>\n<p>Grupy podmiot\u00f3w, kt\u00f3re mog\u0105 wyst\u0119powa\u0107 o dotacje z Regionalnego Programu dla wojew\u00f3dztwa ma\u0142opolskiego:<\/p>\n<ol>\n<li>Mikro, ma\u0142e i \u015brednie przedsi\u0119biorstwa<\/li>\n<li>Jednostki Samorz\u0105du Terytorialnego, ich zwi\u0105zki, stowarzyszenia oraz jednostki organizacyjne posiadaj\u0105ce osobowo\u015b\u0107 prawn\u0105<\/li>\n<li>S\u0142u\u017cby publiczne inne ni\u017c administracja\u00b7<\/li>\n<\/ol>\n<p>&#8211; Instytucje integracji i pomocy spo\u0142ecznej,<br \/>\n&#8211; Instytucje kultury i sportu,<br \/>\n&#8211; Instytucje odpowiedzialne za gospodark\u0119 wodn\u0105,<br \/>\n&#8211; Instytucje rynku pracy,<br \/>\n&#8211; Jednostki rz\u0105dowe i samorz\u0105dowe ochrony \u015brodowiska,<br \/>\n&#8211; Lasy Pa\u0144stwowe, parki narodowe i krajobrazowe,<br \/>\n&#8211; Rz\u0105dowe organizacje turystyczne,<br \/>\n&#8211; Stra\u017c po\u017carna i s\u0142u\u017cby ratownicze,<br \/>\n&#8211; Urz\u0119dy Morskie,<br \/>\n&#8211; Wymiar sprawiedliwo\u015bci,<br \/>\n&#8211; Zarz\u0105dcy dr\u00f3g,<br \/>\n&#8211; Jednostki doradztwa rolniczego.<\/p>\n<ol>\n<li>Instytucje ochrony zdrowia<br \/>\n&#8211; Niepubliczne zak\u0142ady opieki zdrowotnej maj\u0105ce umow\u0119 z NFZ,<br \/>\n&#8211; Publiczne zak\u0142ady opieki zdrowotnej,<br \/>\n&#8211; Uzdrowiska,<\/li>\n<li>Instytucje wspieraj\u0105ce biznes<br \/>\n&#8211; Instytucje finansowe,<br \/>\n&#8211; Instytucje otoczenia biznesu,<br \/>\n&#8211; Izby gospodarcze,<br \/>\n&#8211; Organizacje zrzeszaj\u0105ce pracodawc\u00f3w,<\/li>\n<li>Instytucje nauki i edukacji<br \/>\n&#8211; Jednostki naukowe,<br \/>\n&#8211; O\u015brodki kszta\u0142cenia doros\u0142ych,<br \/>\n&#8211; Przedszkola i instytucje opieki,<br \/>\n&#8211; Szko\u0142y i inne plac\u00f3wki o\u015bwiatowe,<br \/>\n&#8211; Uczelnie wy\u017csze,<\/li>\n<li>Partnerstwa<br \/>\n&#8211; Klastry,<br \/>\n&#8211; Konsorcja naukowo-przemys\u0142owe,<\/li>\n<li>Przedsi\u0119biorstwa realizuj\u0105ce cele publiczne<br \/>\n&#8211; Kolej,<br \/>\n&#8211; Organizatorzy i operatorzy transportu towarowego,<br \/>\n&#8211; Podmioty zarz\u0105dzaj\u0105ce terenami inwestycyjnymi,<br \/>\n&#8211; Porty lotnicze,<br \/>\n&#8211; Porty \u015br\u00f3dl\u0105dowe i morskie,<br \/>\n&#8211; Przedsi\u0119biorstwa \u015bwiadcz\u0105ce us\u0142ugi publicznego transportu zbiorowego,<br \/>\n&#8211; Sp\u00f3\u0142ki wodne.<\/li>\n<li>Organizacje spo\u0142eczne i zwi\u0105zki wyznaniowe<br \/>\n&#8211; Kluby sportowe, centra sportu,<br \/>\n&#8211; Ko\u015bcio\u0142y i zwi\u0105zki wyznaniowe,<br \/>\n&#8211; Niepubliczne inwestycje kultury i sportu,<br \/>\n&#8211; Niepubliczne podmioty integracji i pomocy spo\u0142ecznej,<br \/>\n&#8211; Organizacje pozarz\u0105dowe,<br \/>\n&#8211; Podmioty ekonomii spo\u0142ecznej,<br \/>\n&#8211; Wsp\u00f3lnoty i sp\u00f3\u0142dzielnie mieszkaniowe,<br \/>\n&#8211; Zwi\u0105zki zawodowe<\/li>\n<\/ol>\n<p><strong>Kto po\u015brednio mo\u017ce otrzyma\u0107 wsparcie?<\/strong><\/p>\n<p>Z Funduszy Europejskich mog\u0105 korzysta\u0107 r\u00f3wnie\u017c osoby, instytucje lub grupy spo\u0142eczne, kt\u00f3re nie ubiegaj\u0105 si\u0119 bezpo\u015brednio o dotacj\u0119, ale mog\u0105 bra\u0107 udzia\u0142 w projektach, na kt\u00f3re wsparcie uzyska\u0142 inny podmiot, instytucja itp. W ten spos\u00f3b mo\u017cna wzi\u0105\u0107 udzia\u0142 np. w szkoleniach, kursach, studiach, stara\u0107 si\u0119 o us\u0142ug\u0119 rozwojow\u0105 dla firmy lub dofinansowanie czy po\u017cyczk\u0119 na za\u0142o\u017cenie dzia\u0142alno\u015bci gospodarczej.<\/p>\n<p>Tego rodzaju projekty kierowane s\u0105 przede wszystkim do:<\/p>\n<ul>\n<li>os\u00f3b bezrobotnych, kt\u00f3rych sytuacja na rynku pracy jest najtrudniejsza tj. osoby dojrza\u0142e (powy\u017cej 50 r.\u017c.),<\/li>\n<li>os\u00f3b d\u0142ugotrwale bezrobotnych,<\/li>\n<li>os\u00f3b niepe\u0142nosprawnych,<\/li>\n<li>os\u00f3b nisko wykwalifikowanych,<\/li>\n<li>kobiet.<\/li>\n<\/ul>\n<p>Nale\u017cy pami\u0119ta\u0107, \u017ce ze \u015brodk\u00f3w europejskich mo\u017cna te\u017c korzysta\u0107 b\u0119d\u0105c po prostu u\u017cytkownikiem infrastruktury, kt\u00f3ra powsta\u0142a dzi\u0119ki dofinansowaniu z Funduszy Europejskich (np. przedszkola, szko\u0142y, teatry itp.)<\/p>\n<p><strong>\u00a0<\/strong><\/p>\n<p><strong>Spos\u00f3b finansowania programu<\/strong><\/p>\n<p>Regionalny Program dla wojew\u00f3dztwa ma\u0142opolskiego finansowany jest z dw\u00f3ch \u017ar\u00f3de\u0142: Europejskiego Funduszu Rozwoju Regionalnego i Europejskiego Funduszu Spo\u0142ecznego. Dofinansowaniu ze \u015brodk\u00f3w unijnych towarzyszy\u0107 mo\u017ce dofinansowanie pochodz\u0105ce z bud\u017cetu pa\u0144stwa. W trakcie realizacji programu zaanga\u017cowane zostan\u0105 dodatkowo \u015brodki wnoszone przez podmioty realizuj\u0105ce projekty.<\/p>\n<p>Wielko\u015b\u0107 poszczeg\u00f3lnych unijnych \u017ar\u00f3de\u0142 finansowania w programie dla wojew\u00f3dztwa ma\u0142opolskiego przedstawia si\u0119 nast\u0119puj\u0105co:<\/p>\n<ul>\n<li>Europejski Fundusz Rozwoju Regionalnego: 2 068 587 710 euro<\/li>\n<li>Europejski Fundusz Spo\u0142eczny:809 628 262 euro<\/li>\n<\/ul>\n<p>Minimalne zaanga\u017cowanie \u015brodk\u00f3w krajowych \u2013 szacowane na podstawie art. 120 rozporz\u0105dzenia ramowego zak\u0142adaj\u0105cego maksymalny poziom dofinansowania ka\u017cdej osi priorytetowej w regionach s\u0142abiej rozwini\u0119tych na poziomie 85% \u2013 wynosi w momencie programowania 507 920 472 euro. W realizacj\u0119 programu zaanga\u017cowane b\u0119d\u0105 \u015brodki krajowe publiczne i prywatne. Zak\u0142ada si\u0119, \u017ce ostateczne zaanga\u017cowanie \u015brodk\u00f3w krajowych, g\u0142\u00f3wnie prywatnych w momencie zamkni\u0119cia programu b\u0119dzie mog\u0142o by\u0107 wy\u017csze w zale\u017cno\u015bci od zakresu i stopnia udzielania pomocy publicznej w ramach programu.<\/p>\n<h2>Spos\u00f3b finansowania projekt\u00f3w<\/h2>\n<p>W zale\u017cno\u015bci od \u017ar\u00f3d\u0142a finansowania, rodzaju podmiotu korzystaj\u0105cego ze wsparcia oraz specyfiki projektu, r\u00f3\u017cna jest jego struktura finansowania.<\/p>\n<p>Pierwsza podstawowa zasada m\u00f3wi, \u017ce dofinansowane mog\u0105 by\u0107 jedynie tzw. koszty kwalifikowane. Je\u017celi pojawi si\u0119 potrzeba zrealizowania dzia\u0142a\u0144, kt\u00f3re nie znalaz\u0142y si\u0119 na li\u015bcie koszt\u00f3w kwalifikowanych, nale\u017cy sfinansowa\u0107 je ze \u015brodk\u00f3w w\u0142asnych.<\/p>\n<p>W wi\u0119kszo\u015bci projekt\u00f3w obj\u0119tych unijnym wsparciem wymagane jest, aby ich realizatorzy partycypowali w kosztach realizacji, wnosz\u0105c tzw. wk\u0142ad w\u0142asny. Zasada ta dotyczy g\u0142\u00f3wnie projekt\u00f3w inwestycyjnych, w znacznie mniejszym stopniu przedsi\u0119wzi\u0119\u0107 mi\u0119kkich, polegaj\u0105cych na realizacji us\u0142ug wspieraj\u0105cych grupy spo\u0142eczne wymagaj\u0105ce pomocy np. na rynku pracy. Minimalny poziom wk\u0142adu w\u0142asnego okre\u015blany jest dla ka\u017cdego rodzaju wsparcia i jest uzale\u017cniony od przepis\u00f3w unijnych, dotycz\u0105cych na przyk\u0142ad pomocy publicznej.<\/p>\n<p>Beneficjenci otrzymuj\u0105 dofinansowanie w formie refundacji (wyp\u0142acane wsparcie stanowi zwrot ca\u0142o\u015bci lub cz\u0119\u015bci wydatk\u00f3w rzeczywi\u015bcie poniesionych przez beneficjenta i sfinansowanych z jego w\u0142asnych \u015brodk\u00f3w) lub w formie zaliczki, wyp\u0142acanej na poczet planowanych wydatk\u00f3w. Jednak ostateczne rozliczenie dokonywane jest na podstawie dokument\u00f3w wskazuj\u0105cych na faktycznie i prawid\u0142owo poniesione wydatki.<\/p>\n<p><strong>\u00a0<\/strong><\/p>\n<p><strong>Oficjalna strona : <\/strong><a href=\"http:\/\/www.rpo.malopolska.pl\/\"><strong>http:\/\/www.rpo.malopolska.pl\/<\/strong><\/a><\/p>\n<p><strong>\u00a0<\/strong><\/p>\n","protected":false},"excerpt":{"rendered":"<p>Regionalny Program Operacyjny Wojew\u00f3dztwa Ma\u0142opolskiego Na realizacj\u0119 programu zostanie przeznaczone 2,87 mld euro z funduszy europejskich. Jest to kwota niemal o 1 mld euro wi\u0119ksza ni\u017c ta, kt\u00f3r\u0105 Ma\u0142opolska dysponowa\u0142a w latach 2007-2013 \u0142\u0105cznie na Ma\u0142opolski Regionalny Program Operacyjny oraz komponent regionalny Programu Operacyjnego Kapita\u0142 Ludzki. Program sk\u0142ada si\u0119 z 13 jednofunduszowych osi priorytetowych \u2013 [&hellip;]<\/p>\n","protected":false},"author":1,"featured_media":0,"parent":19,"menu_order":0,"comment_status":"closed","ping_status":"closed","template":"","meta":[],"_links":{"self":[{"href":"https:\/\/sarr.com.pl\/index.php?rest_route=\/wp\/v2\/pages\/1252"}],"collection":[{"href":"https:\/\/sarr.com.pl\/index.php?rest_route=\/wp\/v2\/pages"}],"about":[{"href":"https:\/\/sarr.com.pl\/index.php?rest_route=\/wp\/v2\/types\/page"}],"author":[{"embeddable":true,"href":"https:\/\/sarr.com.pl\/index.php?rest_route=\/wp\/v2\/users\/1"}],"replies":[{"embeddable":true,"href":"https:\/\/sarr.com.pl\/index.php?rest_route=%2Fwp%2Fv2%2Fcomments&post=1252"}],"version-history":[{"count":1,"href":"https:\/\/sarr.com.pl\/index.php?rest_route=\/wp\/v2\/pages\/1252\/revisions"}],"predecessor-version":[{"id":1253,"href":"https:\/\/sarr.com.pl\/index.php?rest_route=\/wp\/v2\/pages\/1252\/revisions\/1253"}],"up":[{"embeddable":true,"href":"https:\/\/sarr.com.pl\/index.php?rest_route=\/wp\/v2\/pages\/19"}],"wp:attachment":[{"href":"https:\/\/sarr.com.pl\/index.php?rest_route=%2Fwp%2Fv2%2Fmedia&parent=1252"}],"curies":[{"name":"wp","href":"https:\/\/api.w.org\/{rel}","templated":true}]}}