{"id":13,"date":"2013-04-03T18:32:16","date_gmt":"2013-04-03T18:32:16","guid":{"rendered":"http:\/\/ziemiasadecka.com\/sarr\/?page_id=13"},"modified":"2013-06-17T09:44:08","modified_gmt":"2013-06-17T07:44:08","slug":"agencja-zatrudnienia","status":"publish","type":"page","link":"https:\/\/sarr.com.pl\/?page_id=13","title":{"rendered":"Agencja zatrudnienia"},"content":{"rendered":"<p>S\u0105decka Agencja Rozwoju Regionalnego S.A z dniem 28-06-2012 r. zosta\u0142a wpisana do rejestru podmiot\u00f3w prowadz\u0105cych agencje zatrudnienia pod numerem 8495.<\/p>\n","protected":false},"excerpt":{"rendered":"<p>S\u0105decka Agencja Rozwoju Regionalnego S.A z dniem 28-06-2012 r. zosta\u0142a wpisana do rejestru podmiot\u00f3w prowadz\u0105cych agencje zatrudnienia pod numerem 8495.<\/p>\n","protected":false},"author":1,"featured_media":0,"parent":0,"menu_order":0,"comment_status":"open","ping_status":"open","template":"","meta":[],"_links":{"self":[{"href":"https:\/\/sarr.com.pl\/index.php?rest_route=\/wp\/v2\/pages\/13"}],"collection":[{"href":"https:\/\/sarr.com.pl\/index.php?rest_route=\/wp\/v2\/pages"}],"about":[{"href":"https:\/\/sarr.com.pl\/index.php?rest_route=\/wp\/v2\/types\/page"}],"author":[{"embeddable":true,"href":"https:\/\/sarr.com.pl\/index.php?rest_route=\/wp\/v2\/users\/1"}],"replies":[{"embeddable":true,"href":"https:\/\/sarr.com.pl\/index.php?rest_route=%2Fwp%2Fv2%2Fcomments&post=13"}],"version-history":[{"count":5,"href":"https:\/\/sarr.com.pl\/index.php?rest_route=\/wp\/v2\/pages\/13\/revisions"}],"predecessor-version":[{"id":314,"href":"https:\/\/sarr.com.pl\/index.php?rest_route=\/wp\/v2\/pages\/13\/revisions\/314"}],"wp:attachment":[{"href":"https:\/\/sarr.com.pl\/index.php?rest_route=%2Fwp%2Fv2%2Fmedia&parent=13"}],"curies":[{"name":"wp","href":"https:\/\/api.w.org\/{rel}","templated":true}]}}

<p>Sądecka Agencja Rozwoju Regionalnego S.A z dniem 28-06-2012 r. została wpisana do rejestru podmiotów prowadzących agencje zatrudnienia pod numerem 8495.</p>
