{"id":1391,"date":"2017-01-03T11:08:22","date_gmt":"2017-01-03T09:08:22","guid":{"rendered":"http:\/\/sarr.com.pl\/?page_id=1391"},"modified":"2020-07-01T10:01:02","modified_gmt":"2020-07-01T08:01:02","slug":"aktywizacja-spoleczno-zawodowa-niepracujacych-mieszkancow-nowego-sacza-i-powiatu-nowosadeckiego","status":"publish","type":"page","link":"https:\/\/sarr.com.pl\/?page_id=1391","title":{"rendered":"Aktywizacja spo\u0142eczno-zawodowa niepracuj\u0105cych mieszka\u0144c\u00f3w Nowego S\u0105cza i powiatu nowos\u0105deckiego"},"content":{"rendered":"<h2>Uwaga!<\/h2>\n<hr \/>\n<p><strong>S\u0105decka Agencja Rozwoju Regionalnego S.A. og\u0142asza nab\u00f3r wniosk\u00f3w na subsydiowanie zatrudnienia uczestnik\u00f3w projektu pt. \u201eAktywizacja spo\u0142eczno-zawodowa niepracuj\u0105cych Nowego S\u0105cza i powiatu nowos\u0105deckiego\u201d, realizowanego w ramach Poddzia\u0142ania 9.1.2 Aktywna integracja \u2013 projekty konkursowe Regionalnego Programu Operacyjnego Wojew\u00f3dztwa Ma\u0142opolskiego na lata 2014 -2020.<\/strong><\/p>\n<p><strong>O subsydiowanie zatrudnienia mog\u0105 ubiega\u0107 si\u0119 podmioty spe\u0142niaj\u0105ce definicj\u0119 przedsi\u0119biorcy w rozumieniu art. 1 za\u0142\u0105cznik I do rozporz\u0105dzenia Komisji (UE) nr 651\/2014 tj.: Za przedsi\u0119biorstwo uwa\u017ca si\u0119 podmiot prowadz\u0105cy dzia\u0142alno\u015b\u0107 gospodarcz\u0105 bez wzgl\u0119du na jego form\u0119 prawn\u0105. Zalicza si\u0119 tu w szczeg\u00f3lno\u015bci osoby prowadz\u0105ce dzia\u0142alno\u015b\u0107 na w\u0142asny rachunek oraz firmy rodzinne zajmuj\u0105ce si\u0119 rzemios\u0142em lub inn\u0105 dzia\u0142alno\u015bci\u0105, a tak\u017ce sp\u00f3\u0142ki lub stowarzyszenia prowadz\u0105ce regularn\u0105 dzia\u0142alno\u015b\u0107 gospodarcz\u0105.<\/strong><\/p>\n<p><strong>Zapraszamy do sk\u0142adania wniosk\u00f3w.<\/strong><\/p>\n<p><strong>Poni\u017cej do pobrania Regulamin udzielania subsydiowanego zatrudnienia o raz pozosta\u0142e dokumenty (jako paczki .zip):<\/strong><\/p>\n<ul>\n<li><strong><a href=\"http:\/\/sarr.com.pl\/wp-content\/uploads\/2017\/01\/Regulamin-udzielania-subsydiowanego-zatrudnienia.doc\">Regulamin udzielania subsydiowanego zatrudnienia<\/a><\/strong><\/li>\n<li><a href=\"http:\/\/sarr.com.pl\/wp-content\/uploads\/2017\/01\/1.Wniosek-o-udzielenie-pomocy-de-minimis.zip\">1.Wniosek o udzielenie pomocy de minimis<\/a><\/li>\n<li><a href=\"http:\/\/sarr.com.pl\/wp-content\/uploads\/2017\/01\/2.Umowa-o-subsydiowanie-zatrudnienia.zip\">2.Umowa o subsydiowanie zatrudnienia<\/a><\/li>\n<li><a href=\"http:\/\/sarr.com.pl\/wp-content\/uploads\/2017\/01\/3.-Wniosek-o-zwrot-poniesionych-koszt\u00f3w.zip\">3. Wniosek o zwrot poniesionych koszt\u00f3w<\/a><\/li>\n<\/ul>\n<hr \/>\n<p>S\u0105decka Agencja Rozwoju Regionalnego S.A. informuje, i\u017c z dniem 01.01.2017 r. rozpoczyna realizacj\u0119 projektu pt. <strong>\u201eAktywizacja spo\u0142eczno-zawodowa niepracuj\u0105cych mieszka\u0144c\u00f3w Nowego S\u0105cza i powiatu nowos\u0105deckiego\u201d <\/strong>wsp\u00f3\u0142finansowanego z Europejskiego Funduszu Spo\u0142ecznego w ramach Regionalnego Programu Operacyjnego Wojew\u00f3dztwa Ma\u0142opolskiego na lata 2014-2020, Dzia\u0142anie 9.1 Aktywna integracja, Poddzia\u0142anie 9.1.2 Aktywna Integracja \u2013 projekty konkursowe.<\/p>\n<p>Okres realizacji projektu: <strong><em>01.01.2017 &#8211; 31.03.2019<\/em><\/strong><\/p>\n<p>Warto\u015b\u0107 projektu<strong><em>: 1\u00a0121\u00a0919,58 PLN<\/em><\/strong>, w tym:<\/p>\n<ul>\n<li>wsp\u00f3\u0142finansowanie Europejskiego Funduszu Spo\u0142ecznego:\u00a0953\u00a0631,64 PLN<\/li>\n<li>wsp\u00f3\u0142finansowanie krajowe z bud\u017cetu pa\u0144stwa: 110\u00a0327,94 PLN<\/li>\n<li>wk\u0142ad w\u0142asny: 57\u00a0960,00 PLN<\/li>\n<\/ul>\n<p><strong>Celem projektu jest poprawa warunk\u00f3w oraz wzmocnienie szans na zatrudnienie 60 os\u00f3b zagro\u017conych ub\u00f3stwem lub wykluczeniem spo\u0142ecznym z Nowego S\u0105cza i powiatu nowos\u0105deckiego do ko\u0144ca III.2019r.<\/strong><\/p>\n<p>Projekt zosta\u0142 tak przemy\u015blany i przygotowany aby ka\u017cda osoba bior\u0105ca w nim udzia\u0142 mia\u0142a mo\u017cliwo\u015b\u0107 skorzystania z kompleksowego wsparcia przygotowuj\u0105cego do wej\u015bcia na rynek pracy.<\/p>\n<p><strong><em><u>W ramach projektu oferujemy:<\/u><\/em><\/strong><\/p>\n<ul>\n<li><strong><em>Identyfikacj\u0119 indywidualnych potrzeb oraz potencja\u0142\u00f3w uczestnik\u00f3w<\/em><\/strong> w celu ustalenia instrument\u00f3w wsparcia umo\u017cliwiaj\u0105cych uzyskanie zatrudnienia<\/li>\n<li><strong><em>Wyjazdowe poradnictwo psychospo\u0142eczne<\/em><\/strong> ukierunkowane na prze\u0142amywanie barier w pog\u0142\u0119bianiu kompetencji zawodowych i osobistych<\/li>\n<li><strong><em>Indywidualne poradnictwo psychologiczne<\/em><\/strong> w formie sesji indywidualnych wspieraj\u0105cych proces aktywizacji poszczeg\u00f3lnych uczestnik\u00f3w<\/li>\n<li><strong><em>Trening kompetencji i umiej\u0119tno\u015bci spo\u0142ecznych<\/em><\/strong> ukierunkowany na odbudow\u0119 i podtrzymanie umiej\u0119tno\u015bci i kompetencji niezb\u0119dnych w procesie przeciwstawienia si\u0119 wykluczeniu spo\u0142ecznemu<\/li>\n<li><strong><em>Indywidualne poradnictwo zawodowe<\/em><\/strong> s\u0142u\u017c\u0105ce wyr\u00f3wnywaniu indywidualnych brak\u00f3w w zakresie umiej\u0119tno\u015bci poszukiwania pracy<\/li>\n<li><strong><em>Warsztaty zaradno\u015bci i samodzielno\u015bci<\/em><\/strong> w formie treningu ekonomicznego ukierunkowanego na rozwijanie zaradno\u015bci osobistej i przygotowanie do \u017cycia w \u015brodowisku spo\u0142ecznym<\/li>\n<li><strong><em>Indywidualne poradnictwo prawno-obywatelskie<\/em><\/strong> maj\u0105ce na celu wspieranie os\u00f3b zagro\u017conych marginalizacj\u0105 w zakresie ochrony ich praw poprzez \u015bwiadczenie konsultingu w zakresie min. ubezpiecze\u0144 spo\u0142ecznych i \u015bwiadcze\u0144 socjalnych, w\u0142asno\u015bci, spraw mieszkaniowych itp.<\/li>\n<li><strong><em>Warsztaty robotyki w formie zabawy playful-learning<\/em><\/strong> podczas kt\u00f3rej b\u0119dzie mo\u017cna naby\u0107 wiedz\u0119 z zakresu kompetencji cyfrowych, elektrotechniki i mechaniki<\/li>\n<li><strong><em>Warsztaty szachowe<\/em><\/strong> jako element rehabilitacji spo\u0142ecznej<\/li>\n<li><strong><em>Kursy zawodowe<\/em><\/strong> umo\u017cliwiaj\u0105ce uzyskanie kwalifikacji zawodowych i zako\u0144czone w\u0142a\u015bciwym egzaminem potwierdzaj\u0105cym nabyte kwalifikacje<\/li>\n<li><strong><em>6-cio miesi\u0119czne sta\u017ce zawodowe<\/em><\/strong> umo\u017cliwiaj\u0105ce nabycie praktycznych umiej\u0119tno\u015bci niezb\u0119dnych do wykonywania zawodu<\/li>\n<li><strong><em>12-sto miesi\u0119czne zatrudnienie subsydiowane<\/em><\/strong> u pracodawc\u00f3w z terenu Nowego S\u0105cza i powiatu nowos\u0105deckiego<\/li>\n<\/ul>\n<p><strong><em><u>Do udzia\u0142u w projekcie zapraszamy:<\/u><\/em><\/strong><\/p>\n<ul>\n<li>Osoby bezrobotne zakwalifikowane do III profilu pomocy, zgodnie z ustaw\u0105 z dnia 20 kwietnia 2004 r. o promocji zatrudnienia i instytucjach rynku pracy (Dz. U. z 2015 r. poz. 149, z p\u00f3\u017an. zm.), w tym osoby niepe\u0142nosprawne, <em>szczeg\u00f3lnie o znacznym lub umiarkowanym stopniu niepe\u0142nosprawno\u015bci, osoby z niepe\u0142nosprawno\u015bciami sprz\u0119\u017conymi, z niepe\u0142nosprawno\u015bci\u0105 intelektualn\u0105 oraz osoby z zaburzeniami psychicznymi<\/em><\/li>\n<li>Osoby niepracuj\u0105ce korzystaj\u0105ce ze \u015bwiadcze\u0144 pomocy spo\u0142ecznej, w tym osoby niepe\u0142nosprawne, <em>szczeg\u00f3lnie o znacznym lub umiarkowanym stopniu niepe\u0142nosprawno\u015bci, osoby z niepe\u0142nosprawno\u015bciami sprz\u0119\u017conymi, z niepe\u0142nosprawno\u015bci\u0105 intelektualn\u0105 oraz osoby z zaburzeniami psychicznymi<\/em><\/li>\n<\/ul>\n<p>Osoby wymienione powy\u017cej musz\u0105 zamieszkiwa\u0107, w rozumieniu Kodeksu cywilnego obszar miasta Nowego S\u0105cza lub powiatu nowos\u0105deckiego.<\/p>\n<p><strong><em><u>Rekrutacja b\u0119dzie prowadzona w okresie: I-III.2017r.<\/u><\/em><\/strong><\/p>\n<p>Osoby zainteresowane udzia\u0142em w projekcie zobligowane s\u0105 do zapoznania si\u0119 z Regulaminem rekrutacji i uczestnictwa w projekcie oraz z\u0142o\u017cenia kompletnie wype\u0142nionych za\u0142\u0105cznik\u00f3w do Regulaminu.<\/p>\n<h2><span style=\"color: #ff0000;\">REKRUTACJA DO PROJEKTU ZAKO\u0143CZONA!<\/span><\/h2>\n<p><strong><em>Dokumenty rekrutacyjne do pobrania:<\/em><\/strong><\/p>\n<ul>\n<li><a href=\"http:\/\/sarr.com.pl\/wp-content\/uploads\/2017\/05\/Zarz\u0105dzenie-3-2017-Regulamin-projektu-141.doc\"><strong>Regulamin projektu<\/strong><\/a><\/li>\n<li><a href=\"http:\/\/sarr.com.pl\/wp-content\/uploads\/2017\/02\/Za\u0142\u0105cznik-1-Formularz-zg\u0142oszeniowy.docx\">Za\u0142\u0105cznik 1 Formularz zg\u0142oszeniowy<\/a><\/li>\n<li><a href=\"http:\/\/sarr.com.pl\/wp-content\/uploads\/2017\/02\/Za\u0142.-2-O\u015bwiadczenie-o-korzsytaniu-z-PO-P\u017b.docx\">Za\u0142\u0105cznik 2 O\u015bwiadczenie o korzystaniu z PO P\u017b<\/a><\/li>\n<li><a href=\"http:\/\/sarr.com.pl\/wp-content\/uploads\/2017\/02\/Za\u0142.-3-O\u015bwiadczenie-o-do\u015bwiadczaniu-wielokrotnego-wykluczenia-spo\u0142ecznego.docx\">Za\u0142\u0105cznik 3 O\u015bwiadczenie o do\u015bwiadczaniu wielokrotnego wykluczenia spo\u0142ecznego<\/a><\/li>\n<li><a href=\"http:\/\/sarr.com.pl\/wp-content\/uploads\/2017\/02\/Za\u0142.-4-O\u015bwiadczenie-o-zagro\u017ceniu-ub\u00f3\u015btwem-lub-wykluczeniem-spo\u0142ecznym-w-zwi\u0105zku-z-rewitalizacj\u0105-obszar\u00f3w-zdegradowanych.docx\">Za\u0142\u0105cznik 4 O\u015bwiadczenie o zagro\u017ceniu ub\u00f3stwem lub wykluczeniem spo\u0142ecznym w zwi\u0105zku z rewitalizacj\u0105 obszar\u00f3w zdegradowanych<\/a><\/li>\n<li><a href=\"http:\/\/sarr.com.pl\/wp-content\/uploads\/2017\/02\/Za\u0142.-5-O\u015bwiadczenie-uczestnika-projektu.docx\">Za\u0142\u0105cznik 5 O\u015bwiadczenie uczestnika projektu<\/a><\/li>\n<li><a href=\"http:\/\/sarr.com.pl\/wp-content\/uploads\/2017\/02\/Za\u0142.-6-O\u015bwiadczenie-o-odbywaniu-kary-pozbawienia-wolno\u015bci-1.docx\">Za\u0142\u0105cznik 6\u00a0O\u015bwiadczenie o odbyciu kary pozbawienia wolno\u015bci<\/a><\/li>\n<\/ul>\n<p><strong><em><u>Szczeg\u00f3\u0142owe informacje:<\/u><\/em><\/strong><\/p>\n<p>Biuro projektu przy ul. Jagiello\u0144skiej 14 w Nowym S\u0105czu (II pi\u0119tro \u2013 siedziba S\u0105deckiej Agencji Rozwoju Regionalnego S.A.),<\/p>\n<p>Tel.: 018 440 81 63,<\/p>\n","protected":false},"excerpt":{"rendered":"<p>Uwaga! S\u0105decka Agencja Rozwoju Regionalnego S.A. og\u0142asza nab\u00f3r wniosk\u00f3w na subsydiowanie zatrudnienia uczestnik\u00f3w projektu pt. \u201eAktywizacja spo\u0142eczno-zawodowa niepracuj\u0105cych Nowego S\u0105cza i powiatu nowos\u0105deckiego\u201d, realizowanego w ramach Poddzia\u0142ania 9.1.2 Aktywna integracja \u2013 projekty konkursowe Regionalnego Programu Operacyjnego Wojew\u00f3dztwa Ma\u0142opolskiego na lata 2014 -2020. O subsydiowanie zatrudnienia mog\u0105 ubiega\u0107 si\u0119 podmioty spe\u0142niaj\u0105ce definicj\u0119 przedsi\u0119biorcy w rozumieniu art. [&hellip;]<\/p>\n","protected":false},"author":1,"featured_media":0,"parent":29,"menu_order":1,"comment_status":"closed","ping_status":"closed","template":"","meta":[],"_links":{"self":[{"href":"https:\/\/sarr.com.pl\/index.php?rest_route=\/wp\/v2\/pages\/1391"}],"collection":[{"href":"https:\/\/sarr.com.pl\/index.php?rest_route=\/wp\/v2\/pages"}],"about":[{"href":"https:\/\/sarr.com.pl\/index.php?rest_route=\/wp\/v2\/types\/page"}],"author":[{"embeddable":true,"href":"https:\/\/sarr.com.pl\/index.php?rest_route=\/wp\/v2\/users\/1"}],"replies":[{"embeddable":true,"href":"https:\/\/sarr.com.pl\/index.php?rest_route=%2Fwp%2Fv2%2Fcomments&post=1391"}],"version-history":[{"count":8,"href":"https:\/\/sarr.com.pl\/index.php?rest_route=\/wp\/v2\/pages\/1391\/revisions"}],"predecessor-version":[{"id":1791,"href":"https:\/\/sarr.com.pl\/index.php?rest_route=\/wp\/v2\/pages\/1391\/revisions\/1791"}],"up":[{"embeddable":true,"href":"https:\/\/sarr.com.pl\/index.php?rest_route=\/wp\/v2\/pages\/29"}],"wp:attachment":[{"href":"https:\/\/sarr.com.pl\/index.php?rest_route=%2Fwp%2Fv2%2Fmedia&parent=1391"}],"curies":[{"name":"wp","href":"https:\/\/api.w.org\/{rel}","templated":true}]}}