{"id":1546,"date":"2018-01-21T11:05:13","date_gmt":"2018-01-21T09:05:13","guid":{"rendered":"http:\/\/sarr.com.pl\/?page_id=1546"},"modified":"2018-09-26T20:38:13","modified_gmt":"2018-09-26T18:38:13","slug":"dokumenty-rekrutacyjne-do-pobrania","status":"publish","type":"page","link":"https:\/\/sarr.com.pl\/?page_id=1546","title":{"rendered":"Dokumenty rekrutacyjne do pobrania"},"content":{"rendered":"<p><strong><em>Dokumenty rekrutacyjne do pobrania:<\/em> <\/strong><\/p>\n<p>Uwaga! Zmiany w regulaminie rekrutacji:<\/p>\n<ul>\n<li><a href=\"http:\/\/sarr.com.pl\/wp-content\/uploads\/2018\/09\/Zarz\u0105dzenie-nr-11-2018-344.docx\"><span style=\"color: #ff0000;\">Zarz\u0105dzenie nr 11-2018-344<\/span><\/a><\/li>\n<li><a href=\"http:\/\/sarr.com.pl\/wp-content\/uploads\/2018\/09\/Za\u0142.-nr-1-Aneks-nr-2-do-Regulaminu-rekrutacji-i-uczestnictwa-w-projekcie.doc\"><span style=\"color: #ff0000;\">Aneks nr do Regulaminu\u00a0rekrutacji i uczestnictwa w projekcie<\/span><\/a><\/li>\n<li><a href=\"http:\/\/sarr.com.pl\/wp-content\/uploads\/2018\/09\/Za\u0142\u0105cznik-nr-6-Zaktualizowany-Formularz-zg\u0142oszeniowy-uczestnictwa-w-projekcie-2.docx\"><span style=\"color: #ff0000;\">Za\u0142\u0105cznik nr 6 &#8211; Zaktualizowany Formularz zg\u0142oszeniowy uczestnictwa w projekcie<\/span><\/a><\/li>\n<li><a href=\"http:\/\/sarr.com.pl\/wp-content\/uploads\/2018\/09\/OSWIADCZENIE-UCZESTNIKA-PROJKEKTU-UCZNIA.docx\"><span style=\"color: #ff0000;\">Za\u0142\u0105cznik nr 8 &#8211; Zaktualizowane O\u015bwiadczenie uczestnika projektu (ucznia)<\/span><\/a><\/li>\n<\/ul>\n<p><strong><em>Dokumenty rekrutacyjne do pobrania:<\/em><\/strong><\/p>\n<p>&nbsp;<\/p>\n<ul>\n<li><a href=\"http:\/\/sarr.com.pl\/wp-content\/uploads\/2017\/06\/Zarz\u0105dzenie-nr-6-2017-Regulmin-rekrutacji-344.docx\">Regulamin rekrutacji i uczestnictwa w projekcie<\/a>\n<ul>\n<li><a href=\"http:\/\/sarr.com.pl\/wp-content\/uploads\/2017\/06\/Aneks-do-Regulaminu-rekrutacji-i-uczestnictwa-w-projekcie.doc\">Aneks do Regulaminu rekrutacji i uczestnictwa w projekcie<\/a><\/li>\n<li><a href=\"http:\/\/sarr.com.pl\/wp-content\/uploads\/2017\/06\/Regulmin-rekrutacji-i-uczestnictwa-w-projekcie.docx\">Regulmin rekrutacji i uczestnictwa w projekcie (po zmainach)<\/a><\/li>\n<\/ul>\n<\/li>\n<li><a href=\"http:\/\/sarr.com.pl\/wp-content\/uploads\/2017\/06\/Za\u0142\u0105cznik-nr-1-Formularz-skierowania-nauczycieli-na-szkolenia-kursy-lub-do-udzia\u0142u-w-sieci-wsp\u00f3\u0142pracy-i-samokszta\u0142cenia.docx\">Za\u0142\u0105cznik nr 1-Formularz skierowania nauczycieli na szkolenia-kursy lub do udzia\u0142u w sieci wsp\u00f3\u0142pracy i samokszta\u0142cenia<\/a><\/li>\n<li><a href=\"http:\/\/sarr.com.pl\/wp-content\/uploads\/2017\/06\/Za\u0142\u0105cznik-nr-2-Formularz-zg\u0142oszenia-na-szkolenie-kurs-lub-do-udzia\u0142u-w-sieci-wsp\u00f3\u0142pracy-i-samokszta\u0142cenia.docx\">Za\u0142\u0105cznik nr 2-Formularz zg\u0142oszenia na szkolenie-kurs lub do udzia\u0142u w sieci wsp\u00f3\u0142pracy i samokszta\u0142cenia<\/a><\/li>\n<li><a href=\"http:\/\/sarr.com.pl\/wp-content\/uploads\/2017\/06\/Za\u0142\u0105cznik-nr-3-Deklaracja-uczestnictwa-w-projekcie-nauczyciele.docx\">Za\u0142\u0105cznik nr 3-Deklaracja uczestnictwa w projekcie (nauczyciele)<\/a><\/li>\n<li><a href=\"http:\/\/sarr.com.pl\/wp-content\/uploads\/2017\/06\/Za\u0142\u0105cznik-nr-4-O\u015bwiadczenie-uczestnika-projektu-nauczyciele.docx\">Za\u0142\u0105cznik nr 4-O\u015bwiadczenie uczestnika projektu (nauczyciele)<\/a><\/li>\n<li><a href=\"http:\/\/sarr.com.pl\/wp-content\/uploads\/2017\/06\/Za\u0142\u0105cznik-nr-5-Dane-osobowe-uczestnika-projektu-na-potrzeby-Centralnego-Systemu-Teleinformatycznego-SL-2014-nauczyciele.docx\">Za\u0142\u0105cznik nr 5-Dane osobowe uczestnika projektu na potrzeby Centralnego Systemu Teleinformatycznego SL 2014 (nauczyciele)<\/a><\/li>\n<li><a href=\"http:\/\/sarr.com.pl\/wp-content\/uploads\/2017\/06\/Za\u0142\u0105cznik-nr-6-Formularz-zg\u0142oszeniowy-uczestnictwa-w-projekcie.docx\">Za\u0142\u0105cznik nr 6-Formularz zg\u0142oszeniowy uczestnictwa w projekcie<\/a><\/li>\n<li><a href=\"http:\/\/sarr.com.pl\/wp-content\/uploads\/2017\/06\/Za\u0142\u0105cznik-nr-7-Deklaracja-uczestnictwa-ucznia-w-projekcie.docx\">Za\u0142\u0105cznik nr 7- Deklaracja uczestnictwa ucznia w projekcie<\/a><\/li>\n<li><a href=\"http:\/\/sarr.com.pl\/wp-content\/uploads\/2017\/06\/Za\u0142\u0105cznik-nr-8-O\u015bwiadczenie-uczestnika-projektu-ucznia.docx\">Za\u0142\u0105cznik nr 8- O\u015bwiadczenie uczestnika projektu (ucznia)<\/a><\/li>\n<li><a href=\"http:\/\/sarr.com.pl\/wp-content\/uploads\/2017\/06\/Za\u0142\u0105cznik-nr-9-O\u015bwiadczenie-uczestnika-projektuucznia-o-wyra\u017ceniu-zgody-na-upowszechnianie-wizerunku.docx\">Za\u0142\u0105cznik nr 9-O\u015bwiadczenie uczestnika projektu(ucznia) o wyra\u017ceniu zgody na upowszechnianie wizerunku<\/a><\/li>\n<\/ul>\n<p><strong>\u00a0<\/strong><\/p>\n","protected":false},"excerpt":{"rendered":"<p>Dokumenty rekrutacyjne do pobrania: Uwaga! Zmiany w regulaminie rekrutacji: Zarz\u0105dzenie nr 11-2018-344 Aneks nr do Regulaminu\u00a0rekrutacji i uczestnictwa w projekcie Za\u0142\u0105cznik nr 6 &#8211; Zaktualizowany Formularz zg\u0142oszeniowy uczestnictwa w projekcie Za\u0142\u0105cznik nr 8 &#8211; Zaktualizowane O\u015bwiadczenie uczestnika projektu (ucznia) Dokumenty rekrutacyjne do pobrania: &nbsp; Regulamin rekrutacji i uczestnictwa w projekcie Aneks do Regulaminu rekrutacji i [&hellip;]<\/p>\n","protected":false},"author":1,"featured_media":0,"parent":1447,"menu_order":0,"comment_status":"closed","ping_status":"closed","template":"","meta":[],"_links":{"self":[{"href":"https:\/\/sarr.com.pl\/index.php?rest_route=\/wp\/v2\/pages\/1546"}],"collection":[{"href":"https:\/\/sarr.com.pl\/index.php?rest_route=\/wp\/v2\/pages"}],"about":[{"href":"https:\/\/sarr.com.pl\/index.php?rest_route=\/wp\/v2\/types\/page"}],"author":[{"embeddable":true,"href":"https:\/\/sarr.com.pl\/index.php?rest_route=\/wp\/v2\/users\/1"}],"replies":[{"embeddable":true,"href":"https:\/\/sarr.com.pl\/index.php?rest_route=%2Fwp%2Fv2%2Fcomments&post=1546"}],"version-history":[{"count":4,"href":"https:\/\/sarr.com.pl\/index.php?rest_route=\/wp\/v2\/pages\/1546\/revisions"}],"predecessor-version":[{"id":1652,"href":"https:\/\/sarr.com.pl\/index.php?rest_route=\/wp\/v2\/pages\/1546\/revisions\/1652"}],"up":[{"embeddable":true,"href":"https:\/\/sarr.com.pl\/index.php?rest_route=\/wp\/v2\/pages\/1447"}],"wp:attachment":[{"href":"https:\/\/sarr.com.pl\/index.php?rest_route=%2Fwp%2Fv2%2Fmedia&parent=1546"}],"curies":[{"name":"wp","href":"https:\/\/api.w.org\/{rel}","templated":true}]}}