{"id":1613,"date":"2018-06-04T07:53:05","date_gmt":"2018-06-04T05:53:05","guid":{"rendered":"http:\/\/sarr.com.pl\/?page_id=1613"},"modified":"2020-07-01T09:59:06","modified_gmt":"2020-07-01T07:59:06","slug":"droga-do-sukcesu-kompleksowa-aktywizacja-niepracujacych-mieszkancow-nowego-sacza","status":"publish","type":"page","link":"https:\/\/sarr.com.pl\/?page_id=1613","title":{"rendered":"Droga do sukcesu \u2013 kompleksowa aktywizacja niepracuj\u0105cych mieszka\u0144c\u00f3w Nowego S\u0105cza"},"content":{"rendered":"<p><a href=\"http:\/\/sarr.com.pl\/wp-content\/uploads\/2017\/06\/Naglowek-AkademiaKamionka.png\"><img loading=\"lazy\" class=\"aligncenter wp-image-1452\" src=\"http:\/\/sarr.com.pl\/wp-content\/uploads\/2017\/06\/Naglowek-AkademiaKamionka-1024x107.png\" alt=\"\" width=\"600\" height=\"63\" srcset=\"https:\/\/sarr.com.pl\/wp-content\/uploads\/2017\/06\/Naglowek-AkademiaKamionka-1024x107.png 1024w, https:\/\/sarr.com.pl\/wp-content\/uploads\/2017\/06\/Naglowek-AkademiaKamionka-300x31.png 300w, https:\/\/sarr.com.pl\/wp-content\/uploads\/2017\/06\/Naglowek-AkademiaKamionka-768x80.png 768w\" sizes=\"(max-width: 600px) 100vw, 600px\" \/><\/a><\/p>\n<p>S\u0105decka Agencja Rozwoju Regionalnego S.A. informuje, i\u017c z dniem 01.04.2018 r. rozpoczyna realizacj\u0119 projektu pt. \u201eDroga do sukcesu \u2013 kompleksowa aktywizacja niepracuj\u0105cych mieszka\u0144c\u00f3w Nowego S\u0105cza\u201d wsp\u00f3\u0142finansowanego z Europejskiego Funduszu Spo\u0142ecznego w ramach Regionalnego Programu Operacyjnego Wojew\u00f3dztwa Ma\u0142opolskiego na lata 2014-2020, Dzia\u0142anie 9.1 Aktywna integracja, Poddzia\u0142anie 9.1.2 Aktywna Integracja \u2013 projekty konkursowe.<\/p>\n<p>Okres realizacji projektu:<strong> 01.04.2018 \u2013 31.03.2020<\/strong><br \/>\nWarto\u015b\u0107 projektu: <strong>1 249 597,68 PLN, w tym:<\/strong><\/p>\n<ul>\n<li>wsp\u00f3\u0142finansowanie Europejskiego Funduszu Spo\u0142ecznego: 1 062 158,02 PLN<\/li>\n<li>wsp\u00f3\u0142finansowanie krajowe z bud\u017cetu pa\u0144stwa: 124 943,66 PLN<\/li>\n<li>wk\u0142ad w\u0142asny: 62 496,00 PLN<\/li>\n<\/ul>\n<p>Celem projektu jest poprawa warunk\u00f3w oraz wzmocnienie szans na zatrudnienie 60 niepracuj\u0105cych mieszka\u0144c\u00f3w Nowego S\u0105cza<br \/>\nProjekt zosta\u0142 tak przemy\u015blany i przygotowany aby ka\u017cda osoba bior\u0105ca w nim udzia\u0142 mia\u0142a mo\u017cliwo\u015b\u0107 skorzystania z kompleksowego wsparcia przygotowuj\u0105cego do wej\u015bcia na rynek pracy.<br \/>\nW ramach projektu oferujemy:<\/p>\n<ul>\n<li>Identyfikacj\u0119 indywidualnych potrzeb oraz potencja\u0142\u00f3w uczestnik\u00f3w w celu ustalenia instrument\u00f3w wsparcia umo\u017cliwiaj\u0105cych uzyskanie zatrudnienia<\/li>\n<li>Trening kompetencji i umiej\u0119tno\u015bci spo\u0142ecznych ukierunkowany na odbudow\u0119 i podtrzymanie umiej\u0119tno\u015bci i kompetencji niezb\u0119dnych w procesie przeciwstawienia si\u0119 wykluczeniu spo\u0142ecznemu<\/li>\n<li>Indywidualne poradnictwo zawodowe s\u0142u\u017c\u0105ce wyr\u00f3wnywaniu indywidualnych brak\u00f3w w zakresie umiej\u0119tno\u015bci poszukiwania pracy<\/li>\n<li>Warsztaty szachowe jako element rehabilitacji spo\u0142ecznej<\/li>\n<li>Kursy zawodowe prowadz\u0105ce do uzyskania kwalifikacji lub nabycia kompetencji potwierdzonych odpowiednim dokumentem<\/li>\n<li>6-cio miesi\u0119czne sta\u017ce zawodowe umo\u017cliwiaj\u0105ce nabycie praktycznych umiej\u0119tno\u015bci niezb\u0119dnych do wykonywania zawodu<\/li>\n<li>12-sto miesi\u0119czne subsydiowane zatrudnienie u pracodawc\u00f3w z terenu Nowego S\u0105cza i powiatu nowos\u0105deckiego polegaj\u0105ce na refundacji przez 12 miesi\u0119cy do 100% koszt\u00f3w zatrudnienia poniesionych na wynagrodzenie brutto oraz obowi\u0105zkowe sk\u0142adki na ubezpieczenia spo\u0142eczne<\/li>\n<\/ul>\n<p>Do udzia\u0142u w projekcie zapraszamy:<\/p>\n<ul>\n<li>Osoby bezrobotne zakwalifikowane do III profilu pomocy, zgodnie z ustaw\u0105 z dnia 20 kwietnia 2004 r. o promocji zatrudnienia i instytucjach rynku pracy (Dz. U. z 2015 r. poz. 149, z p\u00f3\u017an. zm.).<\/li>\n<li>Osoby niepe\u0142nosprawne posiadaj\u0105ce orzeczenie w\u0142a\u015bciwego zespo\u0142u ds. orzekania o niepe\u0142nosprawno\u015bci lub inny dokument potwierdzaj\u0105cy stan zdrowia<\/li>\n<li>Osoby niepracuj\u0105ce korzystaj\u0105ce ze \u015bwiadcze\u0144 pomocy spo\u0142ecznej w ramach ustawy o spo\u0142ecznej, w przypadku kt\u00f3rych bezrobocie nie jest jedynym powodem udzielania pomocy spo\u0142ecznej<\/li>\n<\/ul>\n<p>Osoby wymienione powy\u017cej musz\u0105 zamieszkiwa\u0107, w rozumieniu Kodeksu cywilnego obszar miasta Nowego S\u0105cza.<br \/>\n<strong>Rekrutacja b\u0119dzie prowadzona w okresie: IV-VI.2018r.<\/strong><br \/>\nOsoby zainteresowane udzia\u0142em w projekcie zobligowane s\u0105 do zapoznania si\u0119 z Regulaminem rekrutacji i uczestnictwa w projekcie oraz z\u0142o\u017cenia kompletnie wype\u0142nionych za\u0142\u0105cznik\u00f3w do Regulaminu.<\/p>\n<p>Szczeg\u00f3\u0142owe informacje:<br \/>\n<strong>Biuro projektu przy ul. Jagiello\u0144skiej 14 w Nowym S\u0105czu (II pi\u0119tro \u2013 siedziba S\u0105deckiej Agencji Rozwoju Regionalnego S.A.),<\/strong><br \/>\n<strong>Tel.: 018 440 81 63,\u00a0<\/strong><\/p>\n<h2><span style=\"color: #ff0000;\">REKRUTACJA DO PROJEKTU ZAKO\u0143CZONA!<\/span><\/h2>\n<p>Dokumenty rekrutacyjne do pobrania:<\/p>\n<ul>\n<li><a href=\"http:\/\/sarr.com.pl\/wp-content\/uploads\/2018\/06\/Regulamin-projektu.doc\">Regulamin-projektu<\/a><\/li>\n<li><a href=\"http:\/\/sarr.com.pl\/wp-content\/uploads\/2018\/06\/Za\u0142.nr-1-Formularz-zg\u0142oszeniowy.docx\">Za\u0142.nr 1 Formularz zg\u0142oszeniowy<\/a><\/li>\n<li><a href=\"http:\/\/sarr.com.pl\/wp-content\/uploads\/2018\/06\/Za\u0142.nr-2-O\u015bwiadczenie-o-korzystaniu-z-PO-P\u017b.docx\">Za\u0142.nr 2 O\u015bwiadczenie o korzystaniu z PO P\u017b<\/a><\/li>\n<li><a href=\"http:\/\/sarr.com.pl\/wp-content\/uploads\/2018\/06\/Za\u0142.nr-3-O\u015bwiadczenie-o-do\u015bwiadczaniu-wielokrotnego-wykluczenia-spo\u0142ecznego.docx\">Za\u0142.nr 3 O\u015bwiadczenie o do\u015bwiadczaniu wielokrotnego wykluczenia spo\u0142ecznego<\/a><\/li>\n<li><a href=\"http:\/\/sarr.com.pl\/wp-content\/uploads\/2018\/06\/Za\u0142.nr-4-O\u015bwiadczenie-o-zagro\u017ceniu-ub\u00f3stwem-lub-wykluczeniem-spo\u0142ecznym-w-zwi\u0105zku-z-rewitalizacj\u0105-obszar\u00f3w-zdegradowanych.docx\">Za\u0142.nr 4 O\u015bwiadczenie o zagro\u017ceniu ub\u00f3stwem lub wykluczeniem spo\u0142ecznym w zwi\u0105zku z rewitalizacj\u0105 obszar\u00f3w zdegradowanych<\/a><\/li>\n<li><a href=\"http:\/\/sarr.com.pl\/wp-content\/uploads\/2018\/06\/Za\u0142.nr-5-O\u015bwiadczenie-uczestnika-projektu.docx\">Za\u0142.nr 5 O\u015bwiadczenie uczestnika projektu<\/a><\/li>\n<li><a href=\"http:\/\/sarr.com.pl\/wp-content\/uploads\/2018\/06\/Za\u0142.nr-6-O\u015bwiadczenie-o-odbywaniu-kary-pozbawienia-wolno\u015bci.docx\">Za\u0142.nr 6 O\u015bwiadczenie o odbywaniu kary pozbawienia wolno\u015bci<\/a><\/li>\n<li><a href=\"http:\/\/sarr.com.pl\/wp-content\/uploads\/2018\/06\/Za\u0142.nr-7.O\u015bwiadczenie-o-statusie-na-rynku-pracy.docx\">Za\u0142.nr 7.O\u015bwiadczenie o statusie na rynku pracy<\/a><\/li>\n<\/ul>\n","protected":false},"excerpt":{"rendered":"<p>S\u0105decka Agencja Rozwoju Regionalnego S.A. informuje, i\u017c z dniem 01.04.2018 r. rozpoczyna realizacj\u0119 projektu pt. \u201eDroga do sukcesu \u2013 kompleksowa aktywizacja niepracuj\u0105cych mieszka\u0144c\u00f3w Nowego S\u0105cza\u201d wsp\u00f3\u0142finansowanego z Europejskiego Funduszu Spo\u0142ecznego w ramach Regionalnego Programu Operacyjnego Wojew\u00f3dztwa Ma\u0142opolskiego na lata 2014-2020, Dzia\u0142anie 9.1 Aktywna integracja, Poddzia\u0142anie 9.1.2 Aktywna Integracja \u2013 projekty konkursowe. Okres realizacji projektu: 01.04.2018 [&hellip;]<\/p>\n","protected":false},"author":1,"featured_media":0,"parent":29,"menu_order":0,"comment_status":"closed","ping_status":"closed","template":"","meta":[],"_links":{"self":[{"href":"https:\/\/sarr.com.pl\/index.php?rest_route=\/wp\/v2\/pages\/1613"}],"collection":[{"href":"https:\/\/sarr.com.pl\/index.php?rest_route=\/wp\/v2\/pages"}],"about":[{"href":"https:\/\/sarr.com.pl\/index.php?rest_route=\/wp\/v2\/types\/page"}],"author":[{"embeddable":true,"href":"https:\/\/sarr.com.pl\/index.php?rest_route=\/wp\/v2\/users\/1"}],"replies":[{"embeddable":true,"href":"https:\/\/sarr.com.pl\/index.php?rest_route=%2Fwp%2Fv2%2Fcomments&post=1613"}],"version-history":[{"count":7,"href":"https:\/\/sarr.com.pl\/index.php?rest_route=\/wp\/v2\/pages\/1613\/revisions"}],"predecessor-version":[{"id":1789,"href":"https:\/\/sarr.com.pl\/index.php?rest_route=\/wp\/v2\/pages\/1613\/revisions\/1789"}],"up":[{"embeddable":true,"href":"https:\/\/sarr.com.pl\/index.php?rest_route=\/wp\/v2\/pages\/29"}],"wp:attachment":[{"href":"https:\/\/sarr.com.pl\/index.php?rest_route=%2Fwp%2Fv2%2Fmedia&parent=1613"}],"curies":[{"name":"wp","href":"https:\/\/api.w.org\/{rel}","templated":true}]}}

Droga do sukcesu – kompleksowa aktywizacja niepracujących mieszkańców Nowego Sącza

<p><a href="http://sarr.com.pl/wp-content/uploads/2017/06/Naglowek-AkademiaKamionka.png"><img loading="lazy" class="aligncenter wp-image-1452" src="http://sarr.com.pl/wp-content/uploads/2017/06/Naglowek-AkademiaKamionka-1024x107.png" alt="" width="600" height="63" srcset="https://sarr.com.pl/wp-content/uploads/2017/06/Naglowek-AkademiaKamionka-1024x107.png 1024w, https://sarr.com.pl/wp-content/uploads/2017/06/Naglowek-AkademiaKamionka-300x31.png 300w, https://sarr.com.pl/wp-content/uploads/2017/06/Naglowek-AkademiaKamionka-768x80.png 768w" sizes="(max-width: 600px) 100vw, 600px" /></a></p>
<p>Sądecka Agencja Rozwoju Regionalnego S.A. informuje, iż z dniem 01.04.2018 r. rozpoczyna realizację projektu pt. „Droga do sukcesu – kompleksowa aktywizacja niepracujących mieszkańców Nowego Sącza” współfinansowanego z Europejskiego Funduszu Społecznego w ramach Regionalnego Programu Operacyjnego Województwa Małopolskiego na lata 2014-2020, Działanie 9.1 Aktywna integracja, Poddziałanie 9.1.2 Aktywna Integracja – projekty konkursowe.</p>
<p>Okres realizacji projektu:<strong> 01.04.2018 – 31.03.2020</strong><br />
Wartość projektu: <strong>1 249 597,68 PLN, w tym:</strong></p>
<ul>
<li>współfinansowanie Europejskiego Funduszu Społecznego: 1 062 158,02 PLN</li>
<li>współfinansowanie krajowe z budżetu państwa: 124 943,66 PLN</li>
<li>wkład własny: 62 496,00 PLN</li>
</ul>
<p>Celem projektu jest poprawa warunków oraz wzmocnienie szans na zatrudnienie 60 niepracujących mieszkańców Nowego Sącza<br />
Projekt został tak przemyślany i przygotowany aby każda osoba biorąca w nim udział miała możliwość skorzystania z kompleksowego wsparcia przygotowującego do wejścia na rynek pracy.<br />
W ramach projektu oferujemy:</p>
<ul>
<li>Identyfikację indywidualnych potrzeb oraz potencjałów uczestników w celu ustalenia instrumentów wsparcia umożliwiających uzyskanie zatrudnienia</li>
<li>Trening kompetencji i umiejętności społecznych ukierunkowany na odbudowę i podtrzymanie umiejętności i kompetencji niezbędnych w procesie przeciwstawienia się wykluczeniu społecznemu</li>
<li>Indywidualne poradnictwo zawodowe służące wyrównywaniu indywidualnych braków w zakresie umiejętności poszukiwania pracy</li>
<li>Warsztaty szachowe jako element rehabilitacji społecznej</li>
<li>Kursy zawodowe prowadzące do uzyskania kwalifikacji lub nabycia kompetencji potwierdzonych odpowiednim dokumentem</li>
<li>6-cio miesięczne staże zawodowe umożliwiające nabycie praktycznych umiejętności niezbędnych do wykonywania zawodu</li>
<li>12-sto miesięczne subsydiowane zatrudnienie u pracodawców z terenu Nowego Sącza i powiatu nowosądeckiego polegające na refundacji przez 12 miesięcy do 100% kosztów zatrudnienia poniesionych na wynagrodzenie brutto oraz obowiązkowe składki na ubezpieczenia społeczne</li>
</ul>
<p>Do udziału w projekcie zapraszamy:</p>
<ul>
<li>Osoby bezrobotne zakwalifikowane do III profilu pomocy, zgodnie z ustawą z dnia 20 kwietnia 2004 r. o promocji zatrudnienia i instytucjach rynku pracy (Dz. U. z 2015 r. poz. 149, z późn. zm.).</li>
<li>Osoby niepełnosprawne posiadające orzeczenie właściwego zespołu ds. orzekania o niepełnosprawności lub inny dokument potwierdzający stan zdrowia</li>
<li>Osoby niepracujące korzystające ze świadczeń pomocy społecznej w ramach ustawy o społecznej, w przypadku których bezrobocie nie jest jedynym powodem udzielania pomocy społecznej</li>
</ul>
<p>Osoby wymienione powyżej muszą zamieszkiwać, w rozumieniu Kodeksu cywilnego obszar miasta Nowego Sącza.<br />
<strong>Rekrutacja będzie prowadzona w okresie: IV-VI.2018r.</strong><br />
Osoby zainteresowane udziałem w projekcie zobligowane są do zapoznania się z Regulaminem rekrutacji i uczestnictwa w projekcie oraz złożenia kompletnie wypełnionych załączników do Regulaminu.</p>
<p>Szczegółowe informacje:<br />
<strong>Biuro projektu przy ul. Jagiellońskiej 14 w Nowym Sączu (II piętro – siedziba Sądeckiej Agencji Rozwoju Regionalnego S.A.),</strong><br />
<strong>Tel.: 018 440 81 63, </strong></p>
<h2><span style="color: #ff0000;">REKRUTACJA DO PROJEKTU ZAKOŃCZONA!</span></h2>
<p>Dokumenty rekrutacyjne do pobrania:</p>
<ul>
<li><a href="http://sarr.com.pl/wp-content/uploads/2018/06/Regulamin-projektu.doc">Regulamin-projektu</a></li>
<li><a href="http://sarr.com.pl/wp-content/uploads/2018/06/Zał.nr-1-Formularz-zgłoszeniowy.docx">Zał.nr 1 Formularz zgłoszeniowy</a></li>
<li><a href="http://sarr.com.pl/wp-content/uploads/2018/06/Zał.nr-2-Oświadczenie-o-korzystaniu-z-PO-PŻ.docx">Zał.nr 2 Oświadczenie o korzystaniu z PO PŻ</a></li>
<li><a href="http://sarr.com.pl/wp-content/uploads/2018/06/Zał.nr-3-Oświadczenie-o-doświadczaniu-wielokrotnego-wykluczenia-społecznego.docx">Zał.nr 3 Oświadczenie o doświadczaniu wielokrotnego wykluczenia społecznego</a></li>
<li><a href="http://sarr.com.pl/wp-content/uploads/2018/06/Zał.nr-4-Oświadczenie-o-zagrożeniu-ubóstwem-lub-wykluczeniem-społecznym-w-związku-z-rewitalizacją-obszarów-zdegradowanych.docx">Zał.nr 4 Oświadczenie o zagrożeniu ubóstwem lub wykluczeniem społecznym w związku z rewitalizacją obszarów zdegradowanych</a></li>
<li><a href="http://sarr.com.pl/wp-content/uploads/2018/06/Zał.nr-5-Oświadczenie-uczestnika-projektu.docx">Zał.nr 5 Oświadczenie uczestnika projektu</a></li>
<li><a href="http://sarr.com.pl/wp-content/uploads/2018/06/Zał.nr-6-Oświadczenie-o-odbywaniu-kary-pozbawienia-wolności.docx">Zał.nr 6 Oświadczenie o odbywaniu kary pozbawienia wolności</a></li>
<li><a href="http://sarr.com.pl/wp-content/uploads/2018/06/Zał.nr-7.Oświadczenie-o-statusie-na-rynku-pracy.docx">Zał.nr 7.Oświadczenie o statusie na rynku pracy</a></li>
</ul>

<p>Sądecka Agencja Rozwoju Regionalnego S.A. informuje, iż z dniem 01.04.2018 r. rozpoczyna realizację projektu pt. „Droga do sukcesu – kompleksowa aktywizacja niepracujących mieszkańców Nowego Sącza” współfinansowanego z Europejskiego Funduszu Społecznego w ramach Regionalnego Programu Operacyjnego Województwa Małopolskiego na lata 2014-2020, Działanie 9.1 Aktywna integracja, Poddziałanie 9.1.2 Aktywna Integracja – projekty konkursowe. Okres realizacji projektu: 01.04.2018 [&hellip;]</p>
