{"id":187,"date":"2013-05-14T10:31:25","date_gmt":"2013-05-14T08:31:25","guid":{"rendered":"http:\/\/ziemiasadecka.com\/sarr\/?page_id=187"},"modified":"2020-07-01T09:55:43","modified_gmt":"2020-07-01T07:55:43","slug":"projekt-integracja-spoleczno-zawodowa-osob-dlugotrwale-bezrobotnych-w-powiecie-nowosadeckim","status":"publish","type":"page","link":"https:\/\/sarr.com.pl\/?page_id=187","title":{"rendered":"Projekt &#8222;Integracja spo\u0142eczno-zawodowa os\u00f3b d\u0142ugotrwale bezrobotnych w powiecie nowos\u0105deckim&#8221;"},"content":{"rendered":"<h3 style=\"text-align: justify;\"><span style=\"color: #000000;\">S\u0105decka Agencja Rozwoju Regionalnego S.A. informuje, \u017ce z dniem 31.05.2013 r. dobieg\u0142a ko\u0144ca\u00a0 realizacja projektu \u201eIntegracja spo\u0142eczno zawodowa os\u00f3b d\u0142ugotrwale bezrobotnych w powiecie nowos\u0105deckim\u201d. Serdecznie dzi\u0119kujemy wszystkim uczestnikom i wykonawcom za wsp\u00f3\u0142prac\u0119.<\/span><\/h3>\n<h3 style=\"text-align: justify;\"><span style=\"color: #000000;\">Poni\u017cej znajduje si\u0119 Raport ewaluacyjny dot. efekt\u00f3w realizacji projektu, zainteresowanych zapraszamy do zapoznania si\u0119 z opracowanym dokumentem.\u201d<\/span><\/h3>\n<p style=\"text-align: justify;\"><span style=\"color: #000000;\"><a href=\"http:\/\/www.sarr.com.pl\/wp-content\/uploads\/2013\/05\/RAPORTEWALUACYJNYPROJEKTU721.doc\"><span style=\"color: #000000;\">Raport ewaluacyjny &#8211; kliknij aby pobra\u0107<\/span><\/a><\/span><\/p>\n<p style=\"text-align: justify;\">.<\/p>\n<h2 style=\"text-align: justify;\">Informacje archiwalne<\/h2>\n<p style=\"text-align: justify;\">S\u0105decka Agencja Rozwoju Regionalnego S.A. informuje, \u017ce od 1 stycznia 2011 r. rozpocz\u0119\u0142a realizacje projektu pn. &#8222;Integracja spo\u0142eczno-zawodowa os\u00f3b d\u0142ugotrwale bezrobotnych w powiecie nowos\u0105deckim&#8221; wsp\u00f3\u0142finansowanego z Europejskiego Funduszu Spo\u0142ecznego w ramach Programu Operacyjnego Kapita\u0142 Ludzki &#8211; Dzia\u0142anie 7.2. Przeciwdzia\u0142anie wykluczeniu i wzmocnienie sektora ekonomii spo\u0142ecznej, Poddzia\u0142anie 7.2.1 Aktywizacja zawodowa i spo\u0142eczna os\u00f3b zagro\u017conych wykluczeniem spo\u0142ecznym<\/p>\n<p style=\"text-align: justify;\">W ramach projektu Beneficjenci Ostateczni obj\u0119ci zostan\u0105 wsparciem w zakresie nast\u0119puj\u0105cych element\u00f3w:<\/p>\n<ol>\n<li>Poradnictwo zawodowe<\/li>\n<li>Szkolenie Asystent zarz\u0105du z elementami biznesowego j\u0119zyka angielskiego ( w tym certyfikat LCCI)<\/li>\n<li>Szkolenie Pracownik domowej opieki osobistej<\/li>\n<li>Szkolenie Samodzielny ksi\u0119gowy z elementami kadrowo-p\u0142acowymi<\/li>\n<li>Szkolenie Kasjer-sprzedawca z obs\u0142ug\u0105 kas fiskalnych<\/li>\n<li>Poradnictwo psychologiczne<\/li>\n<li>Sta\u017ce zawodowe<\/li>\n<\/ol>\n<p style=\"text-align: justify;\">W ramach projektu przewidziane s\u0105 stypendia szkoleniowe dla uczestnik\u00f3w szkole\u0144 oraz zorganizowane zostan\u0105 odp\u0142atne sta\u017ce zawodowe.\u00a0Projekt realizowany b\u0119dzie w okresie od 01.01.2011 do 31.05.2013 i adresowany jest do 120 os\u00f3b fizycznych w wieku aktywno\u015bci zawodowej (15-64 lata), kt\u00f3re s\u0105 osobami d\u0142ugotrwale bezrobotnymi i pozostaj\u0105 w rejestrze Powiatowego Urz\u0119du Pracy dla Powiatu Nowos\u0105deckiego nieprzerwanie przez okres co najmniej 24m-cy oraz zamieszkuj\u0105 powiat nowos\u0105decki.\u00a0Proces rekrutacji b\u0119dzie prowadzony w spos\u00f3b ci\u0105g\u0142y pocz\u0105wszy od 1 marca 2011 r. w Biurze projektu, znajduj\u0105cym si\u0119 w S\u0105deckiej Agencji Rozwoju Regionalnego S.A., ul. Jagiello\u0144ska 14, 33-300 Nowy S\u0105cz.<\/p>\n<p style=\"text-align: justify;\">Celem projektu jest stworzenie warunk\u00f3w umo\u017cliwiaj\u0105cych aktywizacj\u0119 spo\u0142eczn\u0105 i zawodow\u0105 os\u00f3b d\u0142ugotrwale bezrobotnych, zagro\u017conych wykluczeniem spo\u0142ecznym w powiecie nowos\u0105deckim<\/p>\n<p style=\"text-align: center;\"><strong>UWAGA REKRUTACJA TRWA ZAPRASZAMY DO UDZIA\u0141U<\/strong><\/p>\n<h3 style=\"text-align: center;\"><a title=\"Informacje dotycz\u0105ce I Edycji\" href=\"http:\/\/www.sarr.com.pl\/?page_id=191\"><strong>Informacje dotycz\u0105ce I Edycji<\/strong><\/a><\/h3>\n<h3 style=\"text-align: center;\"><a title=\"Informacje dotycz\u0105ce II Edycji\" href=\"http:\/\/www.sarr.com.pl\/?page_id=193\"><strong>Informacje dotycz\u0105ce II Edycji<\/strong><\/a><\/h3>\n<p style=\"text-align: center;\">Szczeg\u00f3\u0142owe informacje na temat projektu mo\u017cna uzyska\u0107:<\/p>\n<p style=\"text-align: center;\">w siedzibie SARR S.A.\u00a0przy ul. Jagiello\u0144skiej 14 w Nowym S\u0105czu<br \/>\nlub pod nr telefonu <strong>(0-18) 440-81-63<\/strong><br \/>\nInstytucja Wdra\u017caj\u0105ca<\/p>\n<p style=\"text-align: center;\">Wojew\u00f3dzki Urz\u0105d Pracy w Krakowie<br \/>\nul. Plac Na Stawach 1,\u00a030-107 Krak\u00f3w<\/p>\n<p style=\"text-align: center;\">www.wup-krakow.pl<br \/>\nwww.efs.gov.pl<br \/>\nwww.mrr.gov.pl<br \/>\nwww.pokl.wup-krakow.pl<br \/>\nwww.funduszestrukturalne.gov.pl<\/p>\n","protected":false},"excerpt":{"rendered":"<p>S\u0105decka Agencja Rozwoju Regionalnego S.A. informuje, \u017ce z dniem 31.05.2013 r. dobieg\u0142a ko\u0144ca\u00a0 realizacja projektu \u201eIntegracja spo\u0142eczno zawodowa os\u00f3b d\u0142ugotrwale bezrobotnych w powiecie nowos\u0105deckim\u201d. Serdecznie dzi\u0119kujemy wszystkim uczestnikom i wykonawcom za wsp\u00f3\u0142prac\u0119. Poni\u017cej znajduje si\u0119 Raport ewaluacyjny dot. efekt\u00f3w realizacji projektu, zainteresowanych zapraszamy do zapoznania si\u0119 z opracowanym dokumentem.\u201d Raport ewaluacyjny &#8211; kliknij aby pobra\u0107 [&hellip;]<\/p>\n","protected":false},"author":1,"featured_media":0,"parent":457,"menu_order":1,"comment_status":"closed","ping_status":"open","template":"","meta":[],"_links":{"self":[{"href":"https:\/\/sarr.com.pl\/index.php?rest_route=\/wp\/v2\/pages\/187"}],"collection":[{"href":"https:\/\/sarr.com.pl\/index.php?rest_route=\/wp\/v2\/pages"}],"about":[{"href":"https:\/\/sarr.com.pl\/index.php?rest_route=\/wp\/v2\/types\/page"}],"author":[{"embeddable":true,"href":"https:\/\/sarr.com.pl\/index.php?rest_route=\/wp\/v2\/users\/1"}],"replies":[{"embeddable":true,"href":"https:\/\/sarr.com.pl\/index.php?rest_route=%2Fwp%2Fv2%2Fcomments&post=187"}],"version-history":[{"count":12,"href":"https:\/\/sarr.com.pl\/index.php?rest_route=\/wp\/v2\/pages\/187\/revisions"}],"predecessor-version":[{"id":1787,"href":"https:\/\/sarr.com.pl\/index.php?rest_route=\/wp\/v2\/pages\/187\/revisions\/1787"}],"up":[{"embeddable":true,"href":"https:\/\/sarr.com.pl\/index.php?rest_route=\/wp\/v2\/pages\/457"}],"wp:attachment":[{"href":"https:\/\/sarr.com.pl\/index.php?rest_route=%2Fwp%2Fv2%2Fmedia&parent=187"}],"curies":[{"name":"wp","href":"https:\/\/api.w.org\/{rel}","templated":true}]}}