{"id":31,"date":"2013-04-03T18:37:53","date_gmt":"2013-04-03T18:37:53","guid":{"rendered":"http:\/\/ziemiasadecka.com\/sarr\/?page_id=31"},"modified":"2013-05-14T11:59:28","modified_gmt":"2013-05-14T09:59:28","slug":"informator-przedsiebiorcy","status":"publish","type":"page","link":"https:\/\/sarr.com.pl\/?page_id=31","title":{"rendered":"Informator przedsi\u0119biorcy"},"content":{"rendered":"<p>Witamy na stronie\u00a0<em>Informator przedsi\u0119biorcy<\/em>\u00a0utworzonej przez S\u0105deck\u0105 Agencj\u0119 Rozwoju Regionalnego S.A. Strona ta ma na celu pom\u00f3c osobom rozpoczynaj\u0105cym dzia\u0142alno\u015b\u0107 gospodarcz\u0105 w dostarczeniu podstawowych informacji z zakresu zak\u0142adania dzia\u0142alno\u015bci gospodarczej, potrzebnych danych teleadresowych urz\u0119d\u00f3w i instytucji oraz mo\u017cliwo\u015bci pozyskania dotacji na rozpocz\u0119cie dzia\u0142alno\u015bci gospodarczej ze \u015brodk\u00f3w Unii Europejskiej.<\/p>\n","protected":false},"excerpt":{"rendered":"<p>Witamy na stronie\u00a0Informator przedsi\u0119biorcy\u00a0utworzonej przez S\u0105deck\u0105 Agencj\u0119 Rozwoju Regionalnego S.A. Strona ta ma na celu pom\u00f3c osobom rozpoczynaj\u0105cym dzia\u0142alno\u015b\u0107 gospodarcz\u0105 w dostarczeniu podstawowych informacji z zakresu zak\u0142adania dzia\u0142alno\u015bci gospodarczej, potrzebnych danych teleadresowych urz\u0119d\u00f3w i instytucji oraz mo\u017cliwo\u015bci pozyskania dotacji na rozpocz\u0119cie dzia\u0142alno\u015bci gospodarczej ze \u015brodk\u00f3w Unii Europejskiej.<\/p>\n","protected":false},"author":1,"featured_media":0,"parent":0,"menu_order":0,"comment_status":"open","ping_status":"open","template":"","meta":[],"_links":{"self":[{"href":"https:\/\/sarr.com.pl\/index.php?rest_route=\/wp\/v2\/pages\/31"}],"collection":[{"href":"https:\/\/sarr.com.pl\/index.php?rest_route=\/wp\/v2\/pages"}],"about":[{"href":"https:\/\/sarr.com.pl\/index.php?rest_route=\/wp\/v2\/types\/page"}],"author":[{"embeddable":true,"href":"https:\/\/sarr.com.pl\/index.php?rest_route=\/wp\/v2\/users\/1"}],"replies":[{"embeddable":true,"href":"https:\/\/sarr.com.pl\/index.php?rest_route=%2Fwp%2Fv2%2Fcomments&post=31"}],"version-history":[{"count":2,"href":"https:\/\/sarr.com.pl\/index.php?rest_route=\/wp\/v2\/pages\/31\/revisions"}],"predecessor-version":[{"id":286,"href":"https:\/\/sarr.com.pl\/index.php?rest_route=\/wp\/v2\/pages\/31\/revisions\/286"}],"wp:attachment":[{"href":"https:\/\/sarr.com.pl\/index.php?rest_route=%2Fwp%2Fv2%2Fmedia&parent=31"}],"curies":[{"name":"wp","href":"https:\/\/api.w.org\/{rel}","templated":true}]}}