{"id":991,"date":"2014-05-22T11:28:02","date_gmt":"2014-05-22T09:28:02","guid":{"rendered":"http:\/\/sarr.com.pl\/?page_id=991"},"modified":"2014-05-28T13:34:14","modified_gmt":"2014-05-28T11:34:14","slug":"doradztwo-w-poszukiwaniu-partnerow-handlowych","status":"publish","type":"page","link":"https:\/\/sarr.com.pl\/?page_id=991","title":{"rendered":"Doradztwo w poszukiwaniu partner\u00f3w handlowych"},"content":{"rendered":"<p style=\"text-align: justify;\">Pomagamy Pa\u0144stwa Firmie aktywnie korzysta\u0107 z mo\u017cliwo\u015bci, jakie oferuje wolny rynek UE poprzez znalezienie klient\u00f3w, dystrybutor\u00f3w, producent\u00f3w czy dostawc\u00f3w w Polsce. W oparciu o posiadane bazy danych oraz sie\u0107 kontakt\u00f3w z organizujemy ca\u0142y proces poszukiwania partnera biznesowego. Zapewniamy pozyskanie przedsi\u0119biorstw zainteresowanych wsp\u00f3\u0142prac\u0105.<\/p>\n<p style=\"text-align: justify;\">Nasza oferta skierowana jest do sektora MSP z terenu ma\u0142opolski lub nawet ca\u0142ej polski poszukuj\u0105cych klient\u00f3w, dystrybutor\u00f3w, dostawc\u00f3w, partner\u00f3w na rynku polskim,<\/p>\n<p style=\"text-align: justify;\"><strong>\u00a0Warto\u015b\u0107 dla Klienta<\/strong><\/p>\n<p style=\"text-align: justify;\">\u00a0Szybkie nawi\u0105zanie wsp\u00f3\u0142pracy z nowymi partnerami biznesowych bez konieczno\u015bci podejmowania samodzielnych, \u017cmudnych poszukiwa\u0144<\/p>\n<ul>\n<li>Poznanie przysz\u0142ego partnera jeszcze przed rozpocz\u0119ciem wsp\u00f3\u0142pracy<\/li>\n<li>Przyspieszenie i zmniejszenie ryzyka wej\u015bcia na nowe rynki w kraju i za granic\u0105<\/li>\n<li>Planowy i systematyczny rozw\u00f3j przedsi\u0119biorstwa oparty o wyb\u00f3r najkorzystniejszych mo\u017cliwo\u015bci na nowych rynkach.<\/li>\n<\/ul>\n<p>&nbsp;<\/p>\n<p>&nbsp;<\/p>\n<p style=\"text-align: center;\"><a href=\"http:\/\/sarr.com.pl\/wp-content\/uploads\/2014\/05\/Papier-IOB-stopka620px.jpg\"><img loading=\"lazy\" class=\"alignnone size-full wp-image-1010\" src=\"http:\/\/sarr.com.pl\/wp-content\/uploads\/2014\/05\/Papier-IOB-stopka620px.jpg\" alt=\"Papier-IOB-stopka620px\" width=\"620\" height=\"108\" srcset=\"https:\/\/sarr.com.pl\/wp-content\/uploads\/2014\/05\/Papier-IOB-stopka620px.jpg 620w, https:\/\/sarr.com.pl\/wp-content\/uploads\/2014\/05\/Papier-IOB-stopka620px-300x52.jpg 300w\" sizes=\"(max-width: 620px) 100vw, 620px\" \/><\/a><\/p>\n","protected":false},"excerpt":{"rendered":"<p>Pomagamy Pa\u0144stwa Firmie aktywnie korzysta\u0107 z mo\u017cliwo\u015bci, jakie oferuje wolny rynek UE poprzez znalezienie klient\u00f3w, dystrybutor\u00f3w, producent\u00f3w czy dostawc\u00f3w w Polsce. W oparciu o posiadane bazy danych oraz sie\u0107 kontakt\u00f3w z organizujemy ca\u0142y proces poszukiwania partnera biznesowego. Zapewniamy pozyskanie przedsi\u0119biorstw zainteresowanych wsp\u00f3\u0142prac\u0105. Nasza oferta skierowana jest do sektora MSP z terenu ma\u0142opolski lub nawet ca\u0142ej [&hellip;]<\/p>\n","protected":false},"author":1,"featured_media":0,"parent":981,"menu_order":0,"comment_status":"closed","ping_status":"open","template":"","meta":[],"_links":{"self":[{"href":"https:\/\/sarr.com.pl\/index.php?rest_route=\/wp\/v2\/pages\/991"}],"collection":[{"href":"https:\/\/sarr.com.pl\/index.php?rest_route=\/wp\/v2\/pages"}],"about":[{"href":"https:\/\/sarr.com.pl\/index.php?rest_route=\/wp\/v2\/types\/page"}],"author":[{"embeddable":true,"href":"https:\/\/sarr.com.pl\/index.php?rest_route=\/wp\/v2\/users\/1"}],"replies":[{"embeddable":true,"href":"https:\/\/sarr.com.pl\/index.php?rest_route=%2Fwp%2Fv2%2Fcomments&post=991"}],"version-history":[{"count":2,"href":"https:\/\/sarr.com.pl\/index.php?rest_route=\/wp\/v2\/pages\/991\/revisions"}],"predecessor-version":[{"id":1012,"href":"https:\/\/sarr.com.pl\/index.php?rest_route=\/wp\/v2\/pages\/991\/revisions\/1012"}],"up":[{"embeddable":true,"href":"https:\/\/sarr.com.pl\/index.php?rest_route=\/wp\/v2\/pages\/981"}],"wp:attachment":[{"href":"https:\/\/sarr.com.pl\/index.php?rest_route=%2Fwp%2Fv2%2Fmedia&parent=991"}],"curies":[{"name":"wp","href":"https:\/\/api.w.org\/{rel}","templated":true}]}}